Last updated on 2022-04-08 01:48:53 CEST.
Flavor | Version | Tinstall | Tcheck | Ttotal | Status | Flags |
---|---|---|---|---|---|---|
r-devel-linux-x86_64-debian-clang | 0.3.9 | 10.49 | 551.26 | 561.75 | OK | |
r-devel-linux-x86_64-debian-gcc | 0.3.9 | 8.43 | 400.06 | 408.49 | OK | |
r-devel-linux-x86_64-fedora-clang | 0.3.9 | 622.41 | NOTE | |||
r-devel-linux-x86_64-fedora-gcc | 0.3.9 | 612.62 | NOTE | |||
r-devel-windows-x86_64-new-UL | 0.3.9 | 44.00 | 535.00 | 579.00 | OK | |
r-patched-linux-x86_64 | 0.3.9 | 13.18 | 506.92 | 520.10 | OK | |
r-release-linux-x86_64 | 0.3.9 | 8.17 | 153.14 | 161.31 | OK | |
r-release-macos-arm64 | 0.3.9 | NOTE | ||||
r-release-macos-x86_64 | 0.3.9 | NOTE | ||||
r-release-windows-ix86+x86_64 | 0.3.9 | 26.00 | 181.00 | 207.00 | OK | |
r-oldrel-macos-x86_64 | 0.3.9 | NOTE | ||||
r-oldrel-windows-ix86+x86_64 | 0.3.9 | 28.00 | 185.00 | 213.00 | OK |
Version: 0.3.9
Check: dependencies in R code
Result: NOTE
Namespaces in Imports field not imported from:
‘forecast’ ‘rlang’ ‘tsibble’ ‘viridis’
All declared Imports should be used.
Flavors: r-devel-linux-x86_64-fedora-clang, r-devel-linux-x86_64-fedora-gcc, r-release-macos-arm64, r-release-macos-x86_64, r-oldrel-macos-x86_64