CRAN Package Check Results for Package npsf

Last updated on 2022-04-08 01:48:53 CEST.

Flavor Version Tinstall Tcheck Ttotal Status Flags
r-devel-linux-x86_64-debian-clang 0.8.0 33.50 93.05 126.55 OK
r-devel-linux-x86_64-debian-gcc 0.8.0 24.70 68.26 92.96 OK
r-devel-linux-x86_64-fedora-clang 0.8.0 158.33 OK
r-devel-linux-x86_64-fedora-gcc 0.8.0 136.28 OK
r-devel-windows-x86_64-new-UL 0.8.0 47.00 115.00 162.00 OK
r-patched-linux-x86_64 0.8.0 28.29 88.57 116.86 OK
r-release-linux-x86_64 0.8.0 27.32 87.75 115.07 OK
r-release-macos-arm64 0.8.0 NOTE
r-release-macos-x86_64 0.8.0 NOTE
r-release-windows-ix86+x86_64 0.8.0 69.00 117.00 186.00 OK
r-oldrel-macos-x86_64 0.8.0 NOTE
r-oldrel-windows-ix86+x86_64 0.8.0 68.00 117.00 185.00 OK

Check Details

Version: 0.8.0
Check: package dependencies
Result: NOTE
    Package suggested but not available for checking: ‘Rmpi’
Flavors: r-release-macos-arm64, r-release-macos-x86_64, r-oldrel-macos-x86_64