Last updated on 2022-04-08 01:48:52 CEST.
Flavor | Version | Tinstall | Tcheck | Ttotal | Status | Flags |
---|---|---|---|---|---|---|
r-devel-linux-x86_64-debian-clang | 2.0.4 | 12.42 | 50.22 | 62.64 | OK | |
r-devel-linux-x86_64-debian-gcc | 2.0.4 | 12.16 | 38.60 | 50.76 | OK | |
r-devel-linux-x86_64-fedora-clang | 2.0.4 | 81.99 | NOTE | |||
r-devel-linux-x86_64-fedora-gcc | 2.0.4 | 70.25 | NOTE | |||
r-devel-windows-x86_64-new-UL | 2.0.4 | 34.00 | 70.00 | 104.00 | OK | |
r-patched-linux-x86_64 | 2.0.4 | 13.42 | 47.84 | 61.26 | OK | |
r-release-linux-x86_64 | 2.0.4 | 12.48 | 47.57 | 60.05 | OK | |
r-release-macos-arm64 | 2.0.4 | OK | ||||
r-release-macos-x86_64 | 2.0.4 | OK | ||||
r-release-windows-ix86+x86_64 | 2.0.4 | 38.00 | 55.00 | 93.00 | OK | |
r-oldrel-macos-x86_64 | 2.0.4 | OK | ||||
r-oldrel-windows-ix86+x86_64 | 2.0.4 | 58.00 | 68.00 | 126.00 | OK |
Version: 2.0.4
Check: compiled code
Result: NOTE
File ‘norm2/libs/norm2.so’:
Found no calls to: ‘R_registerRoutines’, ‘R_useDynamicSymbols’
It is good practice to register native routines and to disable symbol
search.
See ‘Writing portable packages’ in the ‘Writing R Extensions’ manual.
Flavors: r-devel-linux-x86_64-fedora-clang, r-devel-linux-x86_64-fedora-gcc