Last updated on 2022-04-08 01:48:52 CEST.
Flavor | Version | Tinstall | Tcheck | Ttotal | Status | Flags |
---|---|---|---|---|---|---|
r-devel-linux-x86_64-debian-clang | 1.0-10.0 | 5.06 | 34.57 | 39.63 | OK | |
r-devel-linux-x86_64-debian-gcc | 1.0-10.0 | 3.93 | 27.19 | 31.12 | OK | |
r-devel-linux-x86_64-fedora-clang | 1.0-10.0 | 48.88 | OK | |||
r-devel-linux-x86_64-fedora-gcc | 1.0-10.0 | 36.43 | OK | |||
r-devel-windows-x86_64-new-UL | 1.0-10.0 | 15.00 | 53.00 | 68.00 | OK | |
r-patched-linux-x86_64 | 1.0-10.0 | 3.48 | 32.98 | 36.46 | OK | |
r-release-linux-x86_64 | 1.0-10.0 | 3.70 | 32.96 | 36.66 | OK | |
r-release-macos-arm64 | 1.0-9.5 | NOTE | ||||
r-release-macos-x86_64 | 1.0-10.0 | OK | ||||
r-release-windows-ix86+x86_64 | 1.0-9.5 | 10.00 | 33.00 | 43.00 | NOTE | |
r-oldrel-macos-x86_64 | 1.0-10.0 | OK | ||||
r-oldrel-windows-ix86+x86_64 | 1.0-10.0 | 12.00 | 52.00 | 64.00 | OK |
Version: 1.0-9.5
Check: DESCRIPTION meta-information
Result: NOTE
Malformed Description field: should contain one or more complete sentences.
Flavors: r-release-macos-arm64, r-release-windows-ix86+x86_64
Version: 1.0-9.5
Check: R code for possible problems
Result: NOTE
mi.inference: no visible binding for global variable ‘var’
mi.inference: no visible global function definition for ‘qt’
mi.inference: no visible global function definition for ‘pt’
Undefined global functions or variables:
pt qt var
Consider adding
importFrom("stats", "pt", "qt", "var")
to your NAMESPACE file.
Flavors: r-release-macos-arm64, r-release-windows-ix86+x86_64