CRAN Package Check Results for Package netgen

Last updated on 2022-04-08 01:48:52 CEST.

Flavor Version Tinstall Tcheck Ttotal Status Flags
r-devel-linux-x86_64-debian-clang 1.3.2 9.88 86.04 95.92 NOTE
r-devel-linux-x86_64-debian-gcc 1.3.2 7.07 64.32 71.39 NOTE
r-devel-linux-x86_64-fedora-clang 1.3.2 111.53 NOTE
r-devel-linux-x86_64-fedora-gcc 1.3.2 98.90 NOTE
r-devel-windows-x86_64-new-UL 1.3.2 43.00 98.00 141.00 NOTE
r-patched-linux-x86_64 1.3.2 9.93 81.31 91.24 NOTE
r-release-linux-x86_64 1.3.2 6.00 75.11 81.11 NOTE
r-release-macos-arm64 1.3.2 NOTE
r-release-macos-x86_64 1.3.2 NOTE
r-release-windows-ix86+x86_64 1.3.2 19.00 92.00 111.00 NOTE
r-oldrel-macos-x86_64 1.3.2 OK
r-oldrel-windows-ix86+x86_64 1.3.2 19.00 96.00 115.00 OK

Check Details

Version: 1.3.2
Check: LazyData
Result: NOTE
     'LazyData' is specified without a 'data' directory
Flavors: r-devel-linux-x86_64-debian-clang, r-devel-linux-x86_64-debian-gcc, r-devel-linux-x86_64-fedora-clang, r-devel-linux-x86_64-fedora-gcc, r-devel-windows-x86_64-new-UL, r-patched-linux-x86_64, r-release-linux-x86_64, r-release-macos-arm64, r-release-macos-x86_64, r-release-windows-ix86+x86_64