Last updated on 2022-04-08 01:48:52 CEST.
Flavor | Version | Tinstall | Tcheck | Ttotal | Status | Flags |
---|---|---|---|---|---|---|
r-devel-linux-x86_64-debian-clang | 0.3.0 | 15.24 | 115.84 | 131.08 | NOTE | |
r-devel-linux-x86_64-debian-gcc | 0.3.0 | 12.73 | 85.32 | 98.05 | NOTE | |
r-devel-linux-x86_64-fedora-clang | 0.3.0 | 154.64 | NOTE | |||
r-devel-linux-x86_64-fedora-gcc | 0.3.0 | 145.34 | NOTE | |||
r-devel-windows-x86_64-new-UL | 0.3.0 | 38.00 | 128.00 | 166.00 | NOTE | |
r-patched-linux-x86_64 | 0.3.0 | 14.85 | 110.74 | 125.59 | NOTE | |
r-release-linux-x86_64 | 0.3.0 | 14.01 | 106.17 | 120.18 | NOTE | |
r-release-macos-arm64 | 0.3.0 | NOTE | ||||
r-release-macos-x86_64 | 0.3.0 | NOTE | ||||
r-release-windows-ix86+x86_64 | 0.3.0 | 28.00 | 121.00 | 149.00 | NOTE | |
r-oldrel-macos-x86_64 | 0.3.0 | NOTE | ||||
r-oldrel-windows-ix86+x86_64 | 0.3.0 | 28.00 | 134.00 | 162.00 | OK |
Version: 0.3.0
Check: LazyData
Result: NOTE
'LazyData' is specified without a 'data' directory
Flavors: r-devel-linux-x86_64-debian-clang, r-devel-linux-x86_64-debian-gcc, r-devel-linux-x86_64-fedora-clang, r-devel-linux-x86_64-fedora-gcc, r-devel-windows-x86_64-new-UL, r-patched-linux-x86_64, r-release-linux-x86_64, r-release-macos-arm64, r-release-macos-x86_64, r-release-windows-ix86+x86_64
Version: 0.3.0
Check: dependencies in R code
Result: NOTE
Namespace in Imports field not imported from: ‘bookdown’
All declared Imports should be used.
Flavors: r-devel-linux-x86_64-fedora-clang, r-devel-linux-x86_64-fedora-gcc, r-release-macos-arm64, r-release-macos-x86_64, r-oldrel-macos-x86_64