Last updated on 2022-04-08 01:48:52 CEST.
Flavor | Version | Tinstall | Tcheck | Ttotal | Status | Flags |
---|---|---|---|---|---|---|
r-devel-linux-x86_64-debian-clang | 0.4.2 | 5.88 | 146.99 | 152.87 | OK | |
r-devel-linux-x86_64-debian-gcc | 0.4.2 | 4.06 | 108.98 | 113.04 | OK | |
r-devel-linux-x86_64-fedora-clang | 0.4.2 | 176.89 | NOTE | |||
r-devel-linux-x86_64-fedora-gcc | 0.4.2 | 169.00 | NOTE | |||
r-devel-windows-x86_64-new-UL | 0.4.2 | 41.00 | 175.00 | 216.00 | OK | |
r-patched-linux-x86_64 | 0.4.2 | 6.11 | 139.59 | 145.70 | OK | |
r-release-linux-x86_64 | 0.4.2 | 4.26 | 135.93 | 140.19 | OK | |
r-release-macos-arm64 | 0.4.2 | NOTE | ||||
r-release-macos-x86_64 | 0.4.2 | NOTE | ||||
r-release-windows-ix86+x86_64 | 0.4.2 | 11.00 | 165.00 | 176.00 | OK | |
r-oldrel-macos-x86_64 | 0.4.2 | NOTE | ||||
r-oldrel-windows-ix86+x86_64 | 0.4.2 | 12.00 | 177.00 | 189.00 | OK |
Version: 0.4.2
Check: data for non-ASCII characters
Result: NOTE
Note: found 5 marked Latin-1 strings
Note: found 7187 marked UTF-8 strings
Flavors: r-devel-linux-x86_64-fedora-clang, r-devel-linux-x86_64-fedora-gcc, r-release-macos-arm64, r-release-macos-x86_64, r-oldrel-macos-x86_64