Last updated on 2022-04-08 01:48:52 CEST.
Flavor | Version | Tinstall | Tcheck | Ttotal | Status | Flags |
---|---|---|---|---|---|---|
r-devel-linux-x86_64-debian-clang | 0.3.6 | 76.85 | 87.39 | 164.24 | OK | |
r-devel-linux-x86_64-debian-gcc | 0.3.6 | 67.32 | 66.73 | 134.05 | OK | |
r-devel-linux-x86_64-fedora-clang | 0.3.6 | 225.67 | OK | |||
r-devel-linux-x86_64-fedora-gcc | 0.3.6 | 203.67 | OK | |||
r-devel-windows-x86_64-new-UL | 0.3.6 | 137.00 | 135.00 | 272.00 | OK | |
r-patched-linux-x86_64 | 0.3.6 | 70.66 | 84.32 | 154.98 | OK | |
r-release-linux-x86_64 | 0.3.6 | 67.60 | 77.41 | 145.01 | OK | |
r-release-macos-arm64 | 0.3.6 | NOTE | ||||
r-release-macos-x86_64 | 0.3.6 | OK | ||||
r-release-windows-ix86+x86_64 | 0.3.6 | 172.00 | 142.00 | 314.00 | OK | |
r-oldrel-macos-x86_64 | 0.3.6 | OK | ||||
r-oldrel-windows-ix86+x86_64 | 0.3.6 | 172.00 | 147.00 | 319.00 | OK |
Version: 0.3.6
Check: installed package size
Result: NOTE
installed size is 5.9Mb
sub-directories of 1Mb or more:
libs 4.9Mb
Flavor: r-release-macos-arm64