Last updated on 2022-04-08 01:48:52 CEST.
Flavor | Version | Tinstall | Tcheck | Ttotal | Status | Flags |
---|---|---|---|---|---|---|
r-devel-linux-x86_64-debian-clang | 0.4.5 | 5.25 | 109.16 | 114.41 | OK | |
r-devel-linux-x86_64-debian-gcc | 0.4.5 | 5.35 | 83.99 | 89.34 | OK | |
r-devel-linux-x86_64-fedora-clang | 0.4.5 | 134.36 | NOTE | |||
r-devel-linux-x86_64-fedora-gcc | 0.4.5 | 122.22 | OK | |||
r-devel-windows-x86_64-new-UL | 0.4.5 | 21.00 | 151.00 | 172.00 | NOTE | |
r-patched-linux-x86_64 | 0.4.5 | 5.74 | 102.44 | 108.18 | OK | |
r-release-linux-x86_64 | 0.4.5 | 4.05 | 101.12 | 105.17 | OK | |
r-release-macos-arm64 | 0.4.5 | NOTE | ||||
r-release-macos-x86_64 | 0.4.5 | NOTE | ||||
r-release-windows-ix86+x86_64 | 0.4.5 | 16.00 | 130.00 | 146.00 | NOTE | |
r-oldrel-macos-x86_64 | 0.4.5 | NOTE | ||||
r-oldrel-windows-ix86+x86_64 | 0.4.5 | 16.00 | 129.00 | 145.00 | NOTE |
Version: 0.4.5
Check: installed package size
Result: NOTE
installed size is 6.4Mb
sub-directories of 1Mb or more:
doc 5.4Mb
Flavors: r-devel-linux-x86_64-fedora-clang, r-devel-windows-x86_64-new-UL, r-release-macos-arm64, r-release-macos-x86_64, r-release-windows-ix86+x86_64, r-oldrel-macos-x86_64, r-oldrel-windows-ix86+x86_64