CRAN Package Check Results for Package mustashe

Last updated on 2022-04-08 01:48:52 CEST.

Flavor Version Tinstall Tcheck Ttotal Status Flags
r-devel-linux-x86_64-debian-clang 0.1.4 1.81 39.49 41.30 OK
r-devel-linux-x86_64-debian-gcc 0.1.4 1.81 31.33 33.14 OK
r-devel-linux-x86_64-fedora-clang 0.1.4 51.61 OK
r-devel-linux-x86_64-fedora-gcc 0.1.4 39.89 OK
r-devel-windows-x86_64-new-UL 0.1.4 20.00 78.00 98.00 OK
r-patched-linux-x86_64 0.1.4 2.12 37.88 40.00 OK
r-release-linux-x86_64 0.1.4 1.98 39.14 41.12 OK
r-release-macos-arm64 0.1.4 OK
r-release-macos-x86_64 0.1.4 ERROR
r-release-windows-ix86+x86_64 0.1.4 5.00 63.00 68.00 OK
r-oldrel-macos-x86_64 0.1.4 ERROR
r-oldrel-windows-ix86+x86_64 0.1.4 5.00 66.00 71.00 OK

Check Details

Version: 0.1.4
Check: tests
Result: ERROR
     Running ‘spelling.R’ [0s/0s]
     Running ‘testthat.R’ [1s/5s]
    Running the tests in ‘tests/testthat.R’ failed.
    Last 13 lines of output:
     Backtrace:
     █
     1. ├─testthat::expect_null(...) test-unstash.R:2:2
     2. │ └─testthat::quasi_label(enquo(object), label, arg = "object")
     3. │ └─rlang::eval_bare(expr, quo_get_env(quo))
     4. └─mustashe::stash(...)
     5. └─mustashe:::check_stash_dir()
     6. └─base::tryCatch(...)
     7. └─base:::tryCatchList(expr, classes, parentenv, handlers)
     8. └─base:::tryCatchOne(expr, names, parentenv, handlers[[1L]])
     9. └─value[[3L]](cond)
    
     [ FAIL 1 | WARN 1 | SKIP 0 | PASS 60 ]
     Error: Test failures
     Execution halted
Flavor: r-release-macos-x86_64

Version: 0.1.4
Check: tests
Result: ERROR
     Running ‘spelling.R’ [0s/0s]
     Running ‘testthat.R’ [1s/4s]
    Running the tests in ‘tests/testthat.R’ failed.
    Last 13 lines of output:
     Backtrace:
     ▆
     1. ├─testthat::expect_null(...) at test-unstash.R:2:2
     2. │ └─testthat::quasi_label(enquo(object), label, arg = "object")
     3. │ └─rlang::eval_bare(expr, quo_get_env(quo))
     4. └─mustashe::stash(...)
     5. └─mustashe:::check_stash_dir()
     6. └─base::tryCatch(...)
     7. └─base tryCatchList(expr, classes, parentenv, handlers)
     8. └─base tryCatchOne(expr, names, parentenv, handlers[[1L]])
     9. └─value[[3L]](cond)
    
     [ FAIL 1 | WARN 1 | SKIP 0 | PASS 60 ]
     Error: Test failures
     Execution halted
Flavor: r-oldrel-macos-x86_64