Last updated on 2022-04-08 01:48:52 CEST.
Flavor | Version | Tinstall | Tcheck | Ttotal | Status | Flags |
---|---|---|---|---|---|---|
r-devel-linux-x86_64-debian-clang | 0.0.2 | 3.29 | 50.01 | 53.30 | NOTE | |
r-devel-linux-x86_64-debian-gcc | 0.0.2 | 3.10 | 39.09 | 42.19 | NOTE | |
r-devel-linux-x86_64-fedora-clang | 0.0.2 | 65.28 | NOTE | |||
r-devel-linux-x86_64-fedora-gcc | 0.0.2 | 53.29 | NOTE | |||
r-devel-windows-x86_64-new-UL | 0.0.2 | 22.00 | 75.00 | 97.00 | NOTE | |
r-patched-linux-x86_64 | 0.0.2 | 3.93 | 48.48 | 52.41 | NOTE | |
r-release-linux-x86_64 | 0.0.2 | 2.44 | 45.64 | 48.08 | NOTE | |
r-release-macos-arm64 | 0.0.2 | NOTE | ||||
r-release-macos-x86_64 | 0.0.2 | NOTE | ||||
r-release-windows-ix86+x86_64 | 0.0.2 | 8.00 | 58.00 | 66.00 | NOTE | |
r-oldrel-macos-x86_64 | 0.0.2 | NOTE | ||||
r-oldrel-windows-ix86+x86_64 | 0.0.2 | 8.00 | 58.00 | 66.00 | NOTE |
Version: 0.0.2
Check: R code for possible problems
Result: NOTE
plotFID: no visible global function definition for 'points'
Undefined global functions or variables:
points
Consider adding
importFrom("graphics", "points")
to your NAMESPACE file.
Flavors: r-devel-linux-x86_64-debian-clang, r-devel-linux-x86_64-debian-gcc, r-devel-linux-x86_64-fedora-clang, r-devel-linux-x86_64-fedora-gcc, r-devel-windows-x86_64-new-UL, r-patched-linux-x86_64, r-release-linux-x86_64, r-release-macos-arm64, r-release-macos-x86_64, r-release-windows-ix86+x86_64, r-oldrel-macos-x86_64, r-oldrel-windows-ix86+x86_64
Version: 0.0.2
Check: for non-standard things in the check directory
Result: NOTE
Found the following files/directories:
'audio.wav'
Flavors: r-devel-linux-x86_64-debian-clang, r-devel-linux-x86_64-debian-gcc, r-devel-linux-x86_64-fedora-clang, r-devel-linux-x86_64-fedora-gcc, r-patched-linux-x86_64, r-release-linux-x86_64
Version: 0.0.2
Check: Rd cross-references
Result: NOTE
Undeclared package ‘tuneR’ in Rd xrefs
Flavor: r-devel-linux-x86_64-fedora-clang