Last updated on 2022-04-08 01:48:52 CEST.
Flavor | Version | Tinstall | Tcheck | Ttotal | Status | Flags |
---|---|---|---|---|---|---|
r-devel-linux-x86_64-debian-clang | 3.1 | 8.17 | 150.40 | 158.57 | NOTE | |
r-devel-linux-x86_64-debian-gcc | 3.1 | 7.39 | 112.75 | 120.14 | NOTE | |
r-devel-linux-x86_64-fedora-clang | 3.1 | 190.05 | NOTE | |||
r-devel-linux-x86_64-fedora-gcc | 3.1 | 176.92 | NOTE | |||
r-devel-windows-x86_64-new-UL | 3.1 | 31.00 | 168.00 | 199.00 | NOTE | |
r-patched-linux-x86_64 | 3.1 | 8.97 | 145.21 | 154.18 | NOTE | |
r-release-linux-x86_64 | 3.1 | 8.48 | 138.98 | 147.46 | NOTE | |
r-release-macos-arm64 | 3.1 | NOTE | ||||
r-release-macos-x86_64 | 3.1 | NOTE | ||||
r-release-windows-ix86+x86_64 | 3.1 | 19.00 | 172.00 | 191.00 | NOTE | |
r-oldrel-macos-x86_64 | 3.1 | OK | ||||
r-oldrel-windows-ix86+x86_64 | 3.1 | 20.00 | 166.00 | 186.00 | OK |
Version: 3.1
Check: LazyData
Result: NOTE
'LazyData' is specified without a 'data' directory
Flavors: r-devel-linux-x86_64-debian-clang, r-devel-linux-x86_64-debian-gcc, r-devel-linux-x86_64-fedora-clang, r-devel-linux-x86_64-fedora-gcc, r-devel-windows-x86_64-new-UL, r-patched-linux-x86_64, r-release-linux-x86_64, r-release-macos-arm64, r-release-macos-x86_64, r-release-windows-ix86+x86_64