CRAN Package Check Results for Package modelsummary

Last updated on 2022-04-08 01:48:51 CEST.

Flavor Version Tinstall Tcheck Ttotal Status Flags
r-devel-linux-x86_64-debian-clang 0.9.6 9.87 176.97 186.84 ERROR
r-devel-linux-x86_64-debian-gcc 0.9.6 6.17 127.88 134.05 ERROR
r-devel-linux-x86_64-fedora-clang 0.9.6 214.17 ERROR
r-devel-linux-x86_64-fedora-gcc 0.9.6 197.16 ERROR
r-devel-windows-x86_64-new-UL 0.9.6 186.00 204.00 390.00 ERROR
r-patched-linux-x86_64 0.9.6 7.65 165.23 172.88 ERROR
r-release-linux-x86_64 0.9.6 5.65 163.61 169.26 ERROR
r-release-macos-arm64 0.9.6 OK
r-release-macos-x86_64 0.9.6 OK
r-release-windows-ix86+x86_64 0.9.6 18.00 205.00 223.00 ERROR
r-oldrel-macos-x86_64 0.9.6 OK
r-oldrel-windows-ix86+x86_64 0.9.6 17.00 207.00 224.00 ERROR

Additional issues

M1mac

Check Details

Version: 0.9.6
Check: tests
Result: ERROR
     Running 'spelling.R' [0s/1s]
     Running 'testthat.R' [106s/134s]
    Running the tests in 'tests/testthat.R' failed.
    Complete output:
     > library(testthat)
     > library(modelsummary)
     >
     > test_check("modelsummary")
     [ FAIL 2 | WARN 0 | SKIP 36 | PASS 466 ]
    
     == Skipped tests ===============================================================
     * On CRAN (36)
    
     == Failed tests ================================================================
     -- Failure (test-modelsummary_get.R:16:5): options(modelsummary_get) -----------
     ncol(tab3) (`actual`) not equal to 16 (`expected`).
    
     `actual`: 14
     `expected`: 16
     -- Failure (test-pkg-fixest.R:8:3): simple model -------------------------------
     dim(raw) (`actual`) not equal to c(14, 4) (`expected`).
    
     `actual`: 10 4
     `expected`: 14 4
    
     [ FAIL 2 | WARN 0 | SKIP 36 | PASS 466 ]
     Deleting unused snapshots:
     * missing.md
     * modelplot/coef-map-color-shape-background.svg
     * modelplot/coef-omit.svg
     * modelplot/multiple-plots-facet.svg
     Error: Test failures
     Execution halted
Flavor: r-devel-linux-x86_64-debian-clang

Version: 0.9.6
Check: tests
Result: ERROR
     Running ‘spelling.R’ [0s/1s]
     Running ‘testthat.R’ [74s/127s]
    Running the tests in ‘tests/testthat.R’ failed.
    Complete output:
     > library(testthat)
     > library(modelsummary)
     >
     > test_check("modelsummary")
     [ FAIL 2 | WARN 0 | SKIP 36 | PASS 466 ]
    
     ══ Skipped tests ═══════════════════════════════════════════════════════════════
     • On CRAN (36)
    
     ══ Failed tests ════════════════════════════════════════════════════════════════
     ── Failure (test-modelsummary_get.R:16:5): options(modelsummary_get) ───────────
     ncol(tab3) (`actual`) not equal to 16 (`expected`).
    
     `actual`: 14
     `expected`: 16
     ── Failure (test-pkg-fixest.R:8:3): simple model ───────────────────────────────
     dim(raw) (`actual`) not equal to c(14, 4) (`expected`).
    
     `actual`: 10 4
     `expected`: 14 4
    
     [ FAIL 2 | WARN 0 | SKIP 36 | PASS 466 ]
     Deleting unused snapshots:
     • missing.md
     • modelplot/coef-map-color-shape-background.svg
     • modelplot/coef-omit.svg
     • modelplot/multiple-plots-facet.svg
     Error: Test failures
     Execution halted
Flavor: r-devel-linux-x86_64-debian-gcc

Version: 0.9.6
Check: tests
Result: ERROR
     Running ‘spelling.R’
     Running ‘testthat.R’ [117s/171s]
    Running the tests in ‘tests/testthat.R’ failed.
    Complete output:
     > library(testthat)
     > library(modelsummary)
     >
     > test_check("modelsummary")
     [ FAIL 2 | WARN 0 | SKIP 36 | PASS 466 ]
    
     ══ Skipped tests ═══════════════════════════════════════════════════════════════
     • On CRAN (36)
    
     ══ Failed tests ════════════════════════════════════════════════════════════════
     ── Failure (test-modelsummary_get.R:16:5): options(modelsummary_get) ───────────
     ncol(tab3) (`actual`) not equal to 16 (`expected`).
    
     `actual`: 14
     `expected`: 16
     ── Failure (test-pkg-fixest.R:8:3): simple model ───────────────────────────────
     dim(raw) (`actual`) not equal to c(14, 4) (`expected`).
    
     `actual`: 10 4
     `expected`: 14 4
    
     [ FAIL 2 | WARN 0 | SKIP 36 | PASS 466 ]
     Deleting unused snapshots:
     • missing.md
     • modelplot/coef-map-color-shape-background.svg
     • modelplot/coef-omit.svg
     • modelplot/multiple-plots-facet.svg
     Error: Test failures
     Execution halted
Flavor: r-devel-linux-x86_64-fedora-clang

Version: 0.9.6
Check: tests
Result: ERROR
     Running ‘spelling.R’
     Running ‘testthat.R’ [114s/139s]
    Running the tests in ‘tests/testthat.R’ failed.
    Complete output:
     > library(testthat)
     > library(modelsummary)
     >
     > test_check("modelsummary")
     [ FAIL 2 | WARN 0 | SKIP 36 | PASS 466 ]
    
     ══ Skipped tests ═══════════════════════════════════════════════════════════════
     • On CRAN (36)
    
     ══ Failed tests ════════════════════════════════════════════════════════════════
     ── Failure (test-modelsummary_get.R:16:5): options(modelsummary_get) ───────────
     ncol(tab3) (`actual`) not equal to 16 (`expected`).
    
     `actual`: 14
     `expected`: 16
     ── Failure (test-pkg-fixest.R:8:3): simple model ───────────────────────────────
     dim(raw) (`actual`) not equal to c(14, 4) (`expected`).
    
     `actual`: 10 4
     `expected`: 14 4
    
     [ FAIL 2 | WARN 0 | SKIP 36 | PASS 466 ]
     Deleting unused snapshots:
     • missing.md
     • modelplot/coef-map-color-shape-background.svg
     • modelplot/coef-omit.svg
     • modelplot/multiple-plots-facet.svg
     Error: Test failures
     Execution halted
Flavor: r-devel-linux-x86_64-fedora-gcc

Version: 0.9.6
Check: tests
Result: ERROR
     Running 'spelling.R' [0s]
     Running 'testthat.R' [113s]
    Running the tests in 'tests/testthat.R' failed.
    Complete output:
     > library(testthat)
     > library(modelsummary)
     >
     > test_check("modelsummary")
     [ FAIL 2 | WARN 0 | SKIP 36 | PASS 466 ]
    
     ══ Skipped tests ═══════════════════════════════════════════════════════════════
     • On CRAN (30)
     • On Windows (6)
    
     ══ Failed tests ════════════════════════════════════════════════════════════════
     ── Failure (test-modelsummary_get.R:16:5): options(modelsummary_get) ───────────
     ncol(tab3) (`actual`) not equal to 16 (`expected`).
    
     `actual`: 14
     `expected`: 16
     ── Failure (test-pkg-fixest.R:8:3): simple model ───────────────────────────────
     dim(raw) (`actual`) not equal to c(14, 4) (`expected`).
    
     `actual`: 10 4
     `expected`: 14 4
    
     [ FAIL 2 | WARN 0 | SKIP 36 | PASS 466 ]
     Deleting unused snapshots:
     • missing.md
     • modelplot/coef-map-color-shape-background.svg
     • modelplot/coef-omit.svg
     • modelplot/multiple-plots-facet.svg
     Error: Test failures
     Execution halted
Flavor: r-devel-windows-x86_64-new-UL

Version: 0.9.6
Check: tests
Result: ERROR
     Running ‘spelling.R’ [0s/1s]
     Running ‘testthat.R’ [96s/117s]
    Running the tests in ‘tests/testthat.R’ failed.
    Complete output:
     > library(testthat)
     > library(modelsummary)
     >
     > test_check("modelsummary")
     [ FAIL 2 | WARN 0 | SKIP 36 | PASS 466 ]
    
     ══ Skipped tests ═══════════════════════════════════════════════════════════════
     • On CRAN (36)
    
     ══ Failed tests ════════════════════════════════════════════════════════════════
     ── Failure (test-modelsummary_get.R:16:5): options(modelsummary_get) ───────────
     ncol(tab3) (`actual`) not equal to 16 (`expected`).
    
     `actual`: 14
     `expected`: 16
     ── Failure (test-pkg-fixest.R:8:3): simple model ───────────────────────────────
     dim(raw) (`actual`) not equal to c(14, 4) (`expected`).
    
     `actual`: 10 4
     `expected`: 14 4
    
     [ FAIL 2 | WARN 0 | SKIP 36 | PASS 466 ]
     Deleting unused snapshots:
     • missing.md
     • modelplot/coef-map-color-shape-background.svg
     • modelplot/coef-omit.svg
     • modelplot/multiple-plots-facet.svg
     Error: Test failures
     Execution halted
Flavor: r-patched-linux-x86_64

Version: 0.9.6
Check: tests
Result: ERROR
     Running ‘spelling.R’ [0s/0s]
     Running ‘testthat.R’ [96s/118s]
    Running the tests in ‘tests/testthat.R’ failed.
    Complete output:
     > library(testthat)
     > library(modelsummary)
     >
     > test_check("modelsummary")
     [ FAIL 1 | WARN 0 | SKIP 36 | PASS 467 ]
    
     ══ Skipped tests ═══════════════════════════════════════════════════════════════
     • On CRAN (36)
    
     ══ Failed tests ════════════════════════════════════════════════════════════════
     ── Failure (test-modelsummary_get.R:16:5): options(modelsummary_get) ───────────
     ncol(tab3) (`actual`) not equal to 16 (`expected`).
    
     `actual`: 14
     `expected`: 16
    
     [ FAIL 1 | WARN 0 | SKIP 36 | PASS 467 ]
     Deleting unused snapshots:
     • missing.md
     • modelplot/coef-map-color-shape-background.svg
     • modelplot/coef-omit.svg
     • modelplot/multiple-plots-facet.svg
     Error: Test failures
     Execution halted
Flavor: r-release-linux-x86_64

Version: 0.9.6
Check: tests
Result: ERROR
     Running 'spelling.R' [0s]
     Running 'testthat.R' [123s]
    Running the tests in 'tests/testthat.R' failed.
    Complete output:
     > library(testthat)
     > library(modelsummary)
     >
     > test_check("modelsummary")
     [ FAIL 1 | WARN 0 | SKIP 36 | PASS 467 ]
    
     == Skipped tests ===============================================================
     * On CRAN (30)
     * On Windows (6)
    
     == Failed tests ================================================================
     -- Failure (test-modelsummary_get.R:16:5): options(modelsummary_get) -----------
     ncol(tab3) (`actual`) not equal to 16 (`expected`).
    
     `actual`: 14
     `expected`: 16
    
     [ FAIL 1 | WARN 0 | SKIP 36 | PASS 467 ]
     Deleting unused snapshots:
     * missing.md
     * modelplot/coef-map-color-shape-background.svg
     * modelplot/coef-omit.svg
     * modelplot/multiple-plots-facet.svg
     Error: Test failures
     Execution halted
Flavor: r-release-windows-ix86+x86_64

Version: 0.9.6
Check: tests
Result: ERROR
     Running 'spelling.R' [0s]
     Running 'testthat.R' [125s]
    Running the tests in 'tests/testthat.R' failed.
    Complete output:
     > library(testthat)
     > library(modelsummary)
     >
     > test_check("modelsummary")
     [ FAIL 1 | WARN 0 | SKIP 36 | PASS 467 ]
    
     == Skipped tests ===============================================================
     * On CRAN (27)
     * On Windows (6)
     * The R graphics engine is too old. (3)
    
     == Failed tests ================================================================
     -- Failure (test-modelsummary_get.R:16:5): options(modelsummary_get) -----------
     ncol(tab3) (`actual`) not equal to 16 (`expected`).
    
     `actual`: 14
     `expected`: 16
    
     [ FAIL 1 | WARN 0 | SKIP 36 | PASS 467 ]
     Deleting unused snapshots:
     * missing.md
     * modelplot/coef-map-color-shape-background.svg
     * modelplot/coef-omit.svg
     * modelplot/multiple-plots-facet.svg
     Error: Test failures
     Execution halted
Flavor: r-oldrel-windows-ix86+x86_64