CRAN Package Check Results for Package mlmc

Last updated on 2022-04-08 01:48:51 CEST.

Flavor Version Tinstall Tcheck Ttotal Status Flags
r-devel-linux-x86_64-debian-clang 1.0.0 21.39 73.74 95.13 NOTE
r-devel-linux-x86_64-debian-gcc 1.0.0 14.33 56.28 70.61 NOTE
r-devel-linux-x86_64-fedora-clang 1.0.0 122.31 NOTE
r-devel-linux-x86_64-fedora-gcc 1.0.0 101.93 NOTE
r-devel-windows-x86_64-new-UL 1.0.0 27.00 114.00 141.00 NOTE
r-patched-linux-x86_64 1.0.0 15.17 71.23 86.40 NOTE
r-release-linux-x86_64 1.0.0 16.35 67.30 83.65 NOTE
r-release-macos-arm64 1.0.0 NOTE
r-release-macos-x86_64 1.0.0 NOTE
r-release-windows-ix86+x86_64 1.0.0 53.00 123.00 176.00 NOTE
r-oldrel-macos-x86_64 1.0.0 OK
r-oldrel-windows-ix86+x86_64 1.0.0 52.00 122.00 174.00 OK

Check Details

Version: 1.0.0
Check: LazyData
Result: NOTE
     'LazyData' is specified without a 'data' directory
Flavors: r-devel-linux-x86_64-debian-clang, r-devel-linux-x86_64-debian-gcc, r-devel-linux-x86_64-fedora-clang, r-devel-linux-x86_64-fedora-gcc, r-devel-windows-x86_64-new-UL, r-patched-linux-x86_64, r-release-linux-x86_64, r-release-macos-arm64, r-release-macos-x86_64, r-release-windows-ix86+x86_64

Version: 1.0.0
Check: compiled code
Result: NOTE
    File ‘mlmc/libs/mlmc.so’:
     Found no calls to: ‘R_registerRoutines’, ‘R_useDynamicSymbols’
    
    It is good practice to register native routines and to disable symbol
    search.
    
    See ‘Writing portable packages’ in the ‘Writing R Extensions’ manual.
Flavors: r-devel-linux-x86_64-fedora-clang, r-devel-linux-x86_64-fedora-gcc