Last updated on 2022-04-08 01:48:51 CEST.
Flavor | Version | Tinstall | Tcheck | Ttotal | Status | Flags |
---|---|---|---|---|---|---|
r-devel-linux-x86_64-debian-clang | 2.0.3 | 3.88 | 78.61 | 82.49 | OK | |
r-devel-linux-x86_64-debian-gcc | 2.0.3 | 3.50 | 61.38 | 64.88 | OK | |
r-devel-linux-x86_64-fedora-clang | 2.0.3 | 101.93 | NOTE | |||
r-devel-linux-x86_64-fedora-gcc | 2.0.3 | 94.19 | NOTE | |||
r-devel-windows-x86_64-new-UL | 2.0.3 | 61.00 | 119.00 | 180.00 | OK | |
r-patched-linux-x86_64 | 2.0.3 | 5.29 | 76.99 | 82.28 | OK | |
r-release-linux-x86_64 | 2.0.3 | 3.28 | 75.40 | 78.68 | OK | |
r-release-macos-arm64 | 2.0.3 | NOTE | ||||
r-release-macos-x86_64 | 2.0.3 | NOTE | ||||
r-release-windows-ix86+x86_64 | 2.0.3 | 10.00 | 104.00 | 114.00 | OK | |
r-oldrel-macos-x86_64 | 2.0.3 | NOTE | ||||
r-oldrel-windows-ix86+x86_64 | 2.0.3 | 9.00 | 106.00 | 115.00 | OK |
Version: 2.0.3
Check: dependencies in R code
Result: NOTE
Namespace in Imports field not imported from: ‘grDevices’
All declared Imports should be used.
Flavors: r-devel-linux-x86_64-fedora-clang, r-devel-linux-x86_64-fedora-gcc, r-release-macos-arm64, r-release-macos-x86_64, r-oldrel-macos-x86_64