Last updated on 2022-04-08 01:48:51 CEST.
Flavor | Version | Tinstall | Tcheck | Ttotal | Status | Flags |
---|---|---|---|---|---|---|
r-devel-linux-x86_64-debian-clang | 1.0.2 | 122.45 | 368.87 | 491.32 | OK | |
r-devel-linux-x86_64-debian-gcc | 1.0.2 | 96.67 | 276.41 | 373.08 | OK | |
r-devel-linux-x86_64-fedora-clang | 1.0.2 | 629.11 | NOTE | |||
r-devel-linux-x86_64-fedora-gcc | 1.0.2 | 593.16 | OK | |||
r-devel-windows-x86_64-new-UL | 1.0.2 | 122.00 | 454.00 | 576.00 | OK | |
r-patched-linux-x86_64 | 1.0.2 | 96.51 | 354.93 | 451.44 | OK | |
r-release-linux-x86_64 | 1.0.2 | 97.19 | 346.98 | 444.17 | OK | |
r-release-macos-arm64 | 1.0.2 | NOTE | ||||
r-release-macos-x86_64 | 1.0.2 | NOTE | ||||
r-release-windows-ix86+x86_64 | 1.0.2 | 265.00 | 775.00 | 1040.00 | OK | |
r-oldrel-macos-x86_64 | 1.0.2 | NOTE | ||||
r-oldrel-windows-ix86+x86_64 | 1.0.2 | 265.00 | 751.00 | 1016.00 | OK |
Version: 1.0.2
Check: installed package size
Result: NOTE
installed size is 5.9Mb
sub-directories of 1Mb or more:
libs 3.8Mb
Flavors: r-devel-linux-x86_64-fedora-clang, r-release-macos-arm64, r-release-macos-x86_64, r-oldrel-macos-x86_64