Last updated on 2022-04-08 01:48:51 CEST.
Flavor | Version | Tinstall | Tcheck | Ttotal | Status | Flags |
---|---|---|---|---|---|---|
r-devel-linux-x86_64-debian-clang | 0.2 | 12.65 | 119.53 | 132.18 | OK | |
r-devel-linux-x86_64-debian-gcc | 0.2 | 10.59 | 90.56 | 101.15 | OK | |
r-devel-linux-x86_64-fedora-clang | 0.2 | 161.08 | NOTE | |||
r-devel-linux-x86_64-fedora-gcc | 0.2 | 146.67 | NOTE | |||
r-devel-windows-x86_64-new-UL | 0.2 | 37.00 | 152.00 | 189.00 | OK | |
r-patched-linux-x86_64 | 0.2 | 13.29 | 116.40 | 129.69 | OK | |
r-release-linux-x86_64 | 0.2 | 11.05 | 107.62 | 118.67 | OK | |
r-release-macos-arm64 | 0.2 | NOTE | ||||
r-release-macos-x86_64 | 0.2 | NOTE | ||||
r-release-windows-ix86+x86_64 | 0.2 | 29.00 | 130.00 | 159.00 | OK | |
r-oldrel-macos-x86_64 | 0.2 | NOTE | ||||
r-oldrel-windows-ix86+x86_64 | 0.2 | 29.00 | 129.00 | 158.00 | OK |
Version: 0.2
Check: dependencies in R code
Result: NOTE
Namespaces in Imports field not imported from:
‘markdown’ ‘metafor’
All declared Imports should be used.
Flavors: r-devel-linux-x86_64-fedora-clang, r-devel-linux-x86_64-fedora-gcc, r-release-macos-arm64, r-release-macos-x86_64, r-oldrel-macos-x86_64