Last updated on 2022-04-08 01:48:51 CEST.
Flavor | Version | Tinstall | Tcheck | Ttotal | Status | Flags |
---|---|---|---|---|---|---|
r-devel-linux-x86_64-debian-clang | 0.2.0 | 6.29 | 56.29 | 62.58 | OK | |
r-devel-linux-x86_64-debian-gcc | 0.2.0 | 3.87 | 41.58 | 45.45 | OK | |
r-devel-linux-x86_64-fedora-clang | 0.2.0 | 76.56 | NOTE | |||
r-devel-linux-x86_64-fedora-gcc | 0.2.0 | 61.50 | NOTE | |||
r-devel-windows-x86_64-new-UL | 0.2.0 | 14.00 | 66.00 | 80.00 | OK | |
r-patched-linux-x86_64 | 0.2.0 | 6.39 | 52.80 | 59.19 | OK | |
r-release-linux-x86_64 | 0.2.0 | 4.79 | 50.08 | 54.87 | OK | |
r-release-macos-arm64 | 0.2.0 | NOTE | ||||
r-release-macos-x86_64 | 0.2.0 | NOTE | ||||
r-release-windows-ix86+x86_64 | 0.2.0 | 14.00 | 58.00 | 72.00 | OK | |
r-oldrel-macos-x86_64 | 0.2.0 | NOTE | ||||
r-oldrel-windows-ix86+x86_64 | 0.2.0 | 14.00 | 57.00 | 71.00 | OK |
Version: 0.2.0
Check: dependencies in R code
Result: NOTE
Namespaces in Imports field not imported from:
‘FactoMineR’ ‘softImpute’
All declared Imports should be used.
Flavors: r-devel-linux-x86_64-fedora-clang, r-devel-linux-x86_64-fedora-gcc, r-release-macos-arm64, r-release-macos-x86_64, r-oldrel-macos-x86_64