Last updated on 2022-04-08 01:48:51 CEST.
Flavor | Version | Tinstall | Tcheck | Ttotal | Status | Flags |
---|---|---|---|---|---|---|
r-devel-linux-x86_64-debian-clang | 2.0.2 | 4.75 | 58.88 | 63.63 | OK | |
r-devel-linux-x86_64-debian-gcc | 2.0.2 | 3.64 | 44.43 | 48.07 | OK | |
r-devel-linux-x86_64-fedora-clang | 2.0.2 | 78.81 | NOTE | |||
r-devel-linux-x86_64-fedora-gcc | 2.0.2 | 63.92 | NOTE | |||
r-devel-windows-x86_64-new-UL | 2.0.2 | 34.00 | 80.00 | 114.00 | OK | |
r-patched-linux-x86_64 | 2.0.2 | 5.84 | 57.52 | 63.36 | OK | |
r-release-linux-x86_64 | 2.0.2 | 4.11 | 54.66 | 58.77 | OK | |
r-release-macos-arm64 | 2.0.2 | NOTE | ||||
r-release-macos-x86_64 | 2.0.2 | NOTE | ||||
r-release-windows-ix86+x86_64 | 2.0.2 | 11.00 | 68.00 | 79.00 | OK | |
r-oldrel-macos-x86_64 | 2.0.2 | ERROR | ||||
r-oldrel-windows-ix86+x86_64 | 2.0.2 | 11.00 | 58.00 | 69.00 | ERROR |
Version: 2.0.2
Check: data for non-ASCII characters
Result: NOTE
Note: found 4 marked UTF-8 strings
Flavors: r-devel-linux-x86_64-fedora-clang, r-devel-linux-x86_64-fedora-gcc, r-release-macos-arm64, r-release-macos-x86_64, r-oldrel-macos-x86_64
Version: 2.0.2
Check: examples
Result: ERROR
Running examples in ‘migest-Ex.R’ failed
The error most likely occurred in:
> ### Name: index_distance
> ### Title: Summary indices of migration distance
> ### Aliases: index_distance
>
> ### ** Examples
>
> # single year
> index_distance(
+ m = subset(korea_reg, year == 2020),
+ d = korea_dist
+ )
Error in index_distance(m = subset(korea_reg, year == 2020), d = korea_dist) :
different region names in m and d
Execution halted
Flavors: r-oldrel-macos-x86_64, r-oldrel-windows-ix86+x86_64