Last updated on 2022-04-08 01:48:51 CEST.
Flavor | Version | Tinstall | Tcheck | Ttotal | Status | Flags |
---|---|---|---|---|---|---|
r-devel-linux-x86_64-debian-clang | 1.6 | 9.42 | 1158.07 | 1167.49 | OK | |
r-devel-linux-x86_64-debian-gcc | 1.6 | 5.82 | 769.84 | 775.66 | OK | |
r-devel-linux-x86_64-fedora-clang | 1.6 | 1284.35 | NOTE | |||
r-devel-linux-x86_64-fedora-gcc | 1.6 | 1253.43 | NOTE | |||
r-devel-windows-x86_64-new-UL | 1.6 | 90.00 | 1003.00 | 1093.00 | OK | |
r-patched-linux-x86_64 | 1.6 | 5.45 | 1053.15 | 1058.60 | OK | |
r-release-linux-x86_64 | 1.6 | 4.71 | 1064.09 | 1068.80 | OK | |
r-release-macos-arm64 | 1.6 | NOTE | ||||
r-release-macos-x86_64 | 1.6 | NOTE | ||||
r-release-windows-ix86+x86_64 | 1.6 | 15.00 | 1214.00 | 1229.00 | OK | |
r-oldrel-macos-x86_64 | 1.6 | NOTE | ||||
r-oldrel-windows-ix86+x86_64 | 1.6 | 14.00 | 1198.00 | 1212.00 | OK |
Version: 1.6
Check: dependencies in R code
Result: NOTE
Namespace in Imports field not imported from: ‘testthat’
All declared Imports should be used.
Flavors: r-devel-linux-x86_64-fedora-clang, r-devel-linux-x86_64-fedora-gcc, r-release-macos-arm64, r-release-macos-x86_64, r-oldrel-macos-x86_64