Last updated on 2022-04-08 01:48:51 CEST.
Flavor | Version | Tinstall | Tcheck | Ttotal | Status | Flags |
---|---|---|---|---|---|---|
r-devel-linux-x86_64-debian-clang | 3.11-6 | 160.05 | 169.77 | 329.82 | WARN | |
r-devel-linux-x86_64-debian-gcc | 3.12-26 | 126.15 | 120.65 | 246.80 | OK | |
r-devel-linux-x86_64-fedora-clang | 3.12-26 | 435.00 | NOTE | |||
r-devel-linux-x86_64-fedora-gcc | 3.12-26 | 342.50 | OK | |||
r-devel-windows-x86_64-new-UL | 3.12-26 | 127.00 | 214.00 | 341.00 | OK | |
r-patched-linux-x86_64 | 3.12-26 | 125.87 | 156.48 | 282.35 | OK | |
r-release-linux-x86_64 | 3.12-26 | 116.69 | 150.13 | 266.82 | OK | |
r-release-macos-arm64 | 3.11-6 | NOTE | ||||
r-release-macos-x86_64 | 3.12-26 | NOTE | ||||
r-release-windows-ix86+x86_64 | 3.11-6 | 357.00 | 232.00 | 589.00 | OK | |
r-oldrel-macos-x86_64 | 3.12-26 | NOTE | ||||
r-oldrel-windows-ix86+x86_64 | 3.12-26 | 340.00 | 236.00 | 576.00 | OK |
Version: 3.11-6
Check: package dependencies
Result: NOTE
Package suggested but not available for checking: 'grouped'
Flavor: r-devel-linux-x86_64-debian-clang
Version: 3.11-6
Check: whether package can be installed
Result: WARN
Found the following significant warnings:
miceadds_rcpp_ml_mcmc_sub.cpp:825:14: warning: use of bitwise '&' with boolean operands [-Wbitwise-instead-of-logical]
Flavor: r-devel-linux-x86_64-debian-clang
Version: 3.11-6
Check: Rd cross-references
Result: NOTE
Unknown package 'grouped' in Rd xrefs
Flavor: r-devel-linux-x86_64-debian-clang
Version: 3.12-26
Check: installed package size
Result: NOTE
installed size is 6.0Mb
sub-directories of 1Mb or more:
libs 4.4Mb
Flavors: r-devel-linux-x86_64-fedora-clang, r-release-macos-x86_64, r-oldrel-macos-x86_64
Version: 3.11-6
Check: installed package size
Result: NOTE
installed size is 8.6Mb
sub-directories of 1Mb or more:
libs 7.0Mb
Flavor: r-release-macos-arm64