Last updated on 2022-04-08 01:48:51 CEST.
Flavor | Version | Tinstall | Tcheck | Ttotal | Status | Flags |
---|---|---|---|---|---|---|
r-devel-linux-x86_64-debian-clang | 0.4.4 | 19.00 | 199.65 | 218.65 | OK | |
r-devel-linux-x86_64-debian-gcc | 0.4.4 | 14.43 | 142.82 | 157.25 | OK | |
r-devel-linux-x86_64-fedora-clang | 0.4.4 | 266.54 | NOTE | |||
r-devel-linux-x86_64-fedora-gcc | 0.4.4 | 250.09 | NOTE | |||
r-devel-windows-x86_64-new-UL | 0.4.4 | 34.00 | 317.00 | 351.00 | OK | |
r-patched-linux-x86_64 | 0.4.4 | 22.94 | 186.71 | 209.65 | NOTE | |
r-release-linux-x86_64 | 0.4.4 | 10.85 | 170.17 | 181.02 | OK | |
r-release-macos-arm64 | 0.4.4 | OK | ||||
r-release-macos-x86_64 | 0.4.4 | OK | ||||
r-release-windows-ix86+x86_64 | 0.4.4 | 38.00 | 207.00 | 245.00 | OK | |
r-oldrel-macos-x86_64 | 0.4.4 | OK | ||||
r-oldrel-windows-ix86+x86_64 | 0.4.4 | 38.00 | 210.00 | 248.00 | OK |
Version: 0.4.4
Check: for detritus in the temp directory
Result: NOTE
Found the following files/directories:
‘par-7269706c6579’
Flavors: r-devel-linux-x86_64-fedora-clang, r-devel-linux-x86_64-fedora-gcc
Version: 0.4.4
Check: package dependencies
Result: NOTE
Package suggested but not available for checking: ‘wqs’
Flavor: r-patched-linux-x86_64