CRAN Package Check Results for Package mergeTrees

Last updated on 2022-04-08 01:48:51 CEST.

Flavor Version Tinstall Tcheck Ttotal Status Flags
r-devel-linux-x86_64-debian-clang 0.1.3 34.87 35.41 70.28 NOTE
r-devel-linux-x86_64-debian-gcc 0.1.3 29.53 27.97 57.50 NOTE
r-devel-linux-x86_64-fedora-clang 0.1.3 102.80 NOTE
r-devel-linux-x86_64-fedora-gcc 0.1.3 79.12 NOTE
r-devel-windows-x86_64-new-UL 0.1.3 40.00 71.00 111.00 NOTE
r-patched-linux-x86_64 0.1.3 30.88 34.99 65.87 NOTE
r-release-linux-x86_64 0.1.3 31.13 33.18 64.31 NOTE
r-release-macos-arm64 0.1.3 NOTE
r-release-macos-x86_64 0.1.3 NOTE
r-release-windows-ix86+x86_64 0.1.3 84.00 66.00 150.00 NOTE
r-oldrel-macos-x86_64 0.1.3 OK
r-oldrel-windows-ix86+x86_64 0.1.3 83.00 80.00 163.00 OK

Check Details

Version: 0.1.3
Check: LazyData
Result: NOTE
     'LazyData' is specified without a 'data' directory
Flavors: r-devel-linux-x86_64-debian-clang, r-devel-linux-x86_64-debian-gcc, r-devel-linux-x86_64-fedora-clang, r-devel-linux-x86_64-fedora-gcc, r-devel-windows-x86_64-new-UL, r-patched-linux-x86_64, r-release-linux-x86_64, r-release-macos-arm64, r-release-macos-x86_64, r-release-windows-ix86+x86_64