Last updated on 2022-04-08 01:48:51 CEST.
Flavor | Version | Tinstall | Tcheck | Ttotal | Status | Flags |
---|---|---|---|---|---|---|
r-devel-linux-x86_64-debian-clang | 0.5.6 | 3.05 | 40.73 | 43.78 | NOTE | |
r-devel-linux-x86_64-debian-gcc | 0.5.6 | 2.00 | 31.34 | 33.34 | NOTE | |
r-devel-linux-x86_64-fedora-clang | 0.5.6 | 52.89 | NOTE | |||
r-devel-linux-x86_64-fedora-gcc | 0.5.6 | 42.45 | NOTE | |||
r-devel-windows-x86_64-new-UL | 0.5.6 | 13.00 | 60.00 | 73.00 | NOTE | |
r-patched-linux-x86_64 | 0.5.6 | 2.29 | 38.11 | 40.40 | NOTE | |
r-release-linux-x86_64 | 0.5.6 | 2.05 | 37.84 | 39.89 | NOTE | |
r-release-macos-arm64 | 0.5.6 | NOTE | ||||
r-release-macos-x86_64 | 0.5.6 | NOTE | ||||
r-release-windows-ix86+x86_64 | 0.5.6 | 7.00 | 63.00 | 70.00 | NOTE | |
r-oldrel-macos-x86_64 | 0.5.6 | NOTE | ||||
r-oldrel-windows-ix86+x86_64 | 0.5.6 | 8.00 | 47.00 | 55.00 | OK |
Version: 0.5.6
Check: LazyData
Result: NOTE
'LazyData' is specified without a 'data' directory
Flavors: r-devel-linux-x86_64-debian-clang, r-devel-linux-x86_64-debian-gcc, r-devel-linux-x86_64-fedora-clang, r-devel-linux-x86_64-fedora-gcc, r-devel-windows-x86_64-new-UL, r-patched-linux-x86_64, r-release-linux-x86_64, r-release-macos-arm64, r-release-macos-x86_64, r-release-windows-ix86+x86_64
Version: 0.5.6
Check: dependencies in R code
Result: NOTE
Namespaces in Imports field not imported from:
‘colourpicker’ ‘shinyBS’ ‘shinycssloaders’
All declared Imports should be used.
Flavors: r-devel-linux-x86_64-fedora-clang, r-devel-linux-x86_64-fedora-gcc, r-release-macos-arm64, r-release-macos-x86_64, r-oldrel-macos-x86_64