Last updated on 2022-04-08 01:48:51 CEST.
Flavor | Version | Tinstall | Tcheck | Ttotal | Status | Flags |
---|---|---|---|---|---|---|
r-devel-linux-x86_64-debian-clang | 1.0.0 | 10.27 | 87.43 | 97.70 | OK | |
r-devel-linux-x86_64-debian-gcc | 1.0.0 | 6.87 | 67.21 | 74.08 | OK | |
r-devel-linux-x86_64-fedora-clang | 1.0.0 | 122.57 | OK | |||
r-devel-linux-x86_64-fedora-gcc | 1.0.0 | 104.10 | OK | |||
r-devel-windows-x86_64-new-UL | 1.0.0 | 18.00 | 98.00 | 116.00 | OK | |
r-patched-linux-x86_64 | 1.0.0 | 9.37 | 87.10 | 96.47 | OK | |
r-release-linux-x86_64 | 1.0.0 | 7.50 | 77.89 | 85.39 | OK | |
r-release-macos-arm64 | 1.0.0 | OK | ||||
r-release-macos-x86_64 | 1.0.0 | OK | ||||
r-release-windows-ix86+x86_64 | 1.0.0 | 19.00 | 90.00 | 109.00 | ERROR | |
r-oldrel-macos-x86_64 | 1.0.0 | OK | ||||
r-oldrel-windows-ix86+x86_64 | 1.0.0 | 19.00 | 91.00 | 110.00 | ERROR |
Version: 1.0.0
Check: PDF version of manual
Result: WARN
LaTeX errors when creating PDF version.
This typically indicates Rd problems.
LaTeX errors found:
! Package inputenc Error: Unicode char รข<c2><80><c2><90> (U+2010)
(inputenc) not set up for use with LaTeX.
See the inputenc package documentation for explanation.
Type H <return> for immediate help.
Flavors: r-release-windows-ix86+x86_64, r-oldrel-windows-ix86+x86_64
Version: 1.0.0
Check: PDF version of manual without hyperrefs or index
Result: ERROR
Flavors: r-release-windows-ix86+x86_64, r-oldrel-windows-ix86+x86_64