Last updated on 2022-04-08 01:48:51 CEST.
Flavor | Version | Tinstall | Tcheck | Ttotal | Status | Flags |
---|---|---|---|---|---|---|
r-devel-linux-x86_64-debian-clang | 5.4.9 | 35.90 | 260.85 | 296.75 | NOTE | |
r-devel-linux-x86_64-debian-gcc | 5.4.9 | 37.18 | 180.01 | 217.19 | NOTE | |
r-devel-linux-x86_64-fedora-clang | 5.4.9 | 378.35 | NOTE | |||
r-devel-linux-x86_64-fedora-gcc | 5.4.9 | 371.21 | NOTE | |||
r-devel-windows-x86_64-new-UL | 5.4.9 | 123.00 | 311.00 | 434.00 | NOTE | |
r-patched-linux-x86_64 | 5.4.9 | 42.88 | 254.50 | 297.38 | OK | |
r-release-linux-x86_64 | 5.4.9 | 37.68 | 248.07 | 285.75 | OK | |
r-release-macos-arm64 | 5.4.9 | NOTE | ||||
r-release-macos-x86_64 | 5.4.9 | NOTE | ||||
r-release-windows-ix86+x86_64 | 5.4.9 | 78.00 | 436.00 | 514.00 | NOTE | |
r-oldrel-macos-x86_64 | 5.4.9 | NOTE | ||||
r-oldrel-windows-ix86+x86_64 | 5.4.9 | 78.00 | 435.00 | 513.00 | NOTE |
Version: 5.4.9
Check: Rd files
Result: NOTE
checkRd: (7) file 'MclustDRsubsel.Rd': \item in \describe must have non-empty label
Flavors: r-devel-linux-x86_64-debian-clang, r-devel-linux-x86_64-debian-gcc, r-devel-linux-x86_64-fedora-clang, r-devel-linux-x86_64-fedora-gcc
Version: 5.4.9
Check: installed package size
Result: NOTE
installed size is 5.5Mb
sub-directories of 1Mb or more:
doc 2.9Mb
Flavors: r-devel-linux-x86_64-fedora-clang, r-devel-windows-x86_64-new-UL, r-release-macos-arm64, r-release-macos-x86_64, r-release-windows-ix86+x86_64, r-oldrel-macos-x86_64, r-oldrel-windows-ix86+x86_64