CRAN Package Check Results for Package mcemGLM

Last updated on 2022-04-08 01:48:50 CEST.

Flavor Version Tinstall Tcheck Ttotal Status Flags
r-devel-linux-x86_64-debian-clang 1.1.1 749.44 77.31 826.75 OK --no-vignettes
r-devel-linux-x86_64-debian-gcc 1.1.1 575.34 57.50 632.84 OK --no-vignettes
r-devel-linux-x86_64-fedora-clang 1.1.1 1367.60 NOTE --no-vignettes
r-devel-linux-x86_64-fedora-gcc 1.1.1 1103.50 NOTE --no-vignettes
r-devel-windows-x86_64-new-UL 1.1.1 609.00 116.00 725.00 NOTE --no-vignettes
r-patched-linux-x86_64 1.1.1 662.03 75.49 737.52 OK --no-vignettes
r-release-linux-x86_64 1.1.1 619.74 72.54 692.28 OK --no-vignettes
r-release-macos-arm64 1.1.1 FAIL
r-release-macos-x86_64 1.1.1 NOTE
r-release-windows-ix86+x86_64 1.1.1 1827.00 73.00 1900.00 NOTE --no-vignettes
r-oldrel-macos-x86_64 1.1.1 FAIL
r-oldrel-windows-ix86+x86_64 1.1.1 1829.00 84.00 1913.00 NOTE --no-vignettes

Check Details

Version: 1.1.1
Flags: --no-vignettes
Check: installed package size
Result: NOTE
     installed size is 11.9Mb
     sub-directories of 1Mb or more:
     doc 3.8Mb
     libs 7.8Mb
Flavors: r-devel-linux-x86_64-fedora-clang, r-devel-windows-x86_64-new-UL, r-release-windows-ix86+x86_64, r-oldrel-windows-ix86+x86_64

Version: 1.1.1
Flags: --no-vignettes
Check: compiled code
Result: NOTE
    File ‘mcemGLM/libs/mcemGLM.so’:
     Found no calls to: ‘R_registerRoutines’, ‘R_useDynamicSymbols’
    
    It is good practice to register native routines and to disable symbol
    search.
    
    See ‘Writing portable packages’ in the ‘Writing R Extensions’ manual.
Flavors: r-devel-linux-x86_64-fedora-clang, r-devel-linux-x86_64-fedora-gcc

Version: 1.1.1
Check: installed package size
Result: NOTE
     installed size is 18.6Mb
     sub-directories of 1Mb or more:
     doc 3.8Mb
     libs 14.6Mb
Flavors: r-release-macos-arm64, r-release-macos-x86_64, r-oldrel-macos-x86_64

Version: 1.1.1
Check: running R code from vignettes
Result: ERROR
    Errors in running code in vignettes:
    when running code in ‘mcemGLM-vignette.Rnw’
     ...
     6 : 6 6 : 6 Max. :1.000
     (Other):324 (Other):324
    
    > fitBernoulli <- mcemGLMM(fixed = Mate ~ 0 + Cross,
    + random = list(~0 + Female, ~0 + Male), data = salamander,
    + family = "bernoulli", vcD .... [TRUNCATED]
    
    Execution halted
    
    ... incomplete output. Crash?
    
     ‘mcemGLM-vignette.Rnw’... failed to complete the test
Flavor: r-release-macos-arm64

Version: 1.1.1
Check: re-building of vignette outputs
Result: FAIL
Flavor: r-release-macos-arm64

Version: 1.1.1
Check: running R code from vignettes
Result: FAIL
Flavor: r-oldrel-macos-x86_64