CRAN Package Check Results for Package mbrglm

Last updated on 2022-04-08 01:48:50 CEST.

Flavor Version Tinstall Tcheck Ttotal Status Flags
r-devel-linux-x86_64-debian-clang 0.0.1 3.11 34.23 37.34 OK
r-devel-linux-x86_64-debian-gcc 0.0.1 2.27 27.00 29.27 OK
r-devel-linux-x86_64-fedora-clang 0.0.1 47.84 NOTE
r-devel-linux-x86_64-fedora-gcc 0.0.1 34.19 NOTE
r-devel-windows-x86_64-new-UL 0.0.1 15.00 59.00 74.00 OK
r-patched-linux-x86_64 0.0.1 2.86 34.14 37.00 OK
r-release-linux-x86_64 0.0.1 2.40 32.51 34.91 OK
r-release-macos-arm64 0.0.1 OK
r-release-macos-x86_64 0.0.1 OK
r-release-windows-ix86+x86_64 0.0.1 8.00 47.00 55.00 OK
r-oldrel-macos-x86_64 0.0.1 OK
r-oldrel-windows-ix86+x86_64 0.0.1 9.00 49.00 58.00 OK

Check Details

Version: 0.0.1
Check: compiled code
Result: NOTE
    File ‘mbrglm/libs/mbrglm.so’:
     Found no calls to: ‘R_registerRoutines’, ‘R_useDynamicSymbols’
    
    It is good practice to register native routines and to disable symbol
    search.
    
    See ‘Writing portable packages’ in the ‘Writing R Extensions’ manual.
Flavors: r-devel-linux-x86_64-fedora-clang, r-devel-linux-x86_64-fedora-gcc