CRAN Package Check Results for Package mazeGen

Last updated on 2022-04-08 01:48:50 CEST.

Flavor Version Tinstall Tcheck Ttotal Status Flags
r-devel-linux-x86_64-debian-clang 0.1.3 5.29 54.45 59.74 NOTE
r-devel-linux-x86_64-debian-gcc 0.1.3 3.51 41.30 44.81 NOTE
r-devel-linux-x86_64-fedora-clang 0.1.3 74.67 NOTE
r-devel-linux-x86_64-fedora-gcc 0.1.3 58.83 NOTE
r-devel-windows-x86_64-new-UL 0.1.3 99.00 77.00 176.00 OK
r-patched-linux-x86_64 0.1.3 6.88 52.72 59.60 NOTE
r-release-linux-x86_64 0.1.3 4.29 50.45 54.74 NOTE
r-release-macos-arm64 0.1.3 OK
r-release-macos-x86_64 0.1.3 OK
r-release-windows-ix86+x86_64 0.1.3 9.00 63.00 72.00 OK
r-oldrel-macos-x86_64 0.1.3 OK
r-oldrel-windows-ix86+x86_64 0.1.3 9.00 63.00 72.00 OK

Check Details

Version: 0.1.3
Check: for non-standard things in the check directory
Result: NOTE
    Found the following files/directories:
     'map_5.png' 'maze_5.html'
Flavors: r-devel-linux-x86_64-debian-clang, r-devel-linux-x86_64-debian-gcc, r-devel-linux-x86_64-fedora-clang, r-devel-linux-x86_64-fedora-gcc, r-patched-linux-x86_64, r-release-linux-x86_64