CRAN Package Check Results for Package maskRangeR

Last updated on 2022-04-08 01:48:50 CEST.

Flavor Version Tinstall Tcheck Ttotal Status Flags
r-devel-linux-x86_64-debian-clang 1.0 3.21 67.72 70.93 OK
r-devel-linux-x86_64-debian-gcc 1.0 2.48 51.44 53.92 OK
r-devel-linux-x86_64-fedora-clang 1.0 85.53 NOTE
r-devel-linux-x86_64-fedora-gcc 1.0 71.42 NOTE
r-devel-windows-x86_64-new-UL 1.0 29.00 92.00 121.00 OK
r-patched-linux-x86_64 1.0 2.60 66.03 68.63 OK
r-release-linux-x86_64 1.0 2.09 64.30 66.39 OK
r-release-macos-arm64 1.0 NOTE
r-release-macos-x86_64 1.0 NOTE
r-release-windows-ix86+x86_64 1.0 8.00 86.00 94.00 OK
r-oldrel-macos-x86_64 1.0 NOTE
r-oldrel-windows-ix86+x86_64 1.0 9.00 84.00 93.00 OK

Check Details

Version: 1.0
Check: dependencies in R code
Result: NOTE
    Namespaces in Imports field not imported from:
     ‘dismo’ ‘gdalUtils’ ‘maptools’ ‘rgdal’ ‘tidyverse’ ‘virtualspecies’
     All declared Imports should be used.
Flavors: r-devel-linux-x86_64-fedora-clang, r-devel-linux-x86_64-fedora-gcc, r-release-macos-arm64, r-release-macos-x86_64, r-oldrel-macos-x86_64