Last updated on 2022-04-08 01:48:50 CEST.
Flavor | Version | Tinstall | Tcheck | Ttotal | Status | Flags |
---|---|---|---|---|---|---|
r-devel-linux-x86_64-debian-clang | 0.0.6 | 43.89 | 87.84 | 131.73 | OK | |
r-devel-linux-x86_64-debian-gcc | 0.0.6 | 35.70 | 64.35 | 100.05 | OK | |
r-devel-linux-x86_64-fedora-clang | 0.0.6 | 175.58 | NOTE | |||
r-devel-linux-x86_64-fedora-gcc | 0.0.6 | 147.63 | OK | |||
r-devel-windows-x86_64-new-UL | 0.0.6 | 61.00 | 129.00 | 190.00 | OK | |
r-patched-linux-x86_64 | 0.0.6 | 42.52 | 82.87 | 125.39 | OK | |
r-release-linux-x86_64 | 0.0.6 | 42.35 | 79.20 | 121.55 | OK | |
r-release-macos-arm64 | 0.0.6 | NOTE | ||||
r-release-macos-x86_64 | 0.0.6 | NOTE | ||||
r-release-windows-ix86+x86_64 | 0.0.6 | 111.00 | 138.00 | 249.00 | NOTE | |
r-oldrel-macos-x86_64 | 0.0.6 | NOTE | ||||
r-oldrel-windows-ix86+x86_64 | 0.0.6 | 111.00 | 141.00 | 252.00 | NOTE |
Version: 0.0.6
Check: installed package size
Result: NOTE
installed size is 5.0Mb
sub-directories of 1Mb or more:
doc 2.8Mb
libs 1.5Mb
Flavors: r-devel-linux-x86_64-fedora-clang, r-release-macos-arm64, r-release-macos-x86_64, r-release-windows-ix86+x86_64, r-oldrel-macos-x86_64, r-oldrel-windows-ix86+x86_64