Last updated on 2022-04-08 01:48:50 CEST.
Flavor | Version | Tinstall | Tcheck | Ttotal | Status | Flags |
---|---|---|---|---|---|---|
r-devel-linux-x86_64-debian-clang | 1.3 | 45.61 | 533.14 | 578.75 | OK | |
r-devel-linux-x86_64-debian-gcc | 1.3 | 36.75 | 389.91 | 426.66 | OK | |
r-devel-linux-x86_64-fedora-clang | 1.3 | 694.79 | NOTE | |||
r-devel-linux-x86_64-fedora-gcc | 1.3 | 653.81 | NOTE | |||
r-devel-windows-x86_64-new-UL | 1.3 | 72.00 | 600.00 | 672.00 | OK | |
r-patched-linux-x86_64 | 1.3 | 48.79 | 507.70 | 556.49 | OK | |
r-release-linux-x86_64 | 1.3 | 30.39 | 480.50 | 510.89 | OK | |
r-release-macos-arm64 | 1.3 | NOTE | ||||
r-release-macos-x86_64 | 1.3 | NOTE | ||||
r-release-windows-ix86+x86_64 | 1.3 | 111.00 | 591.00 | 702.00 | OK | |
r-oldrel-macos-x86_64 | 1.3 | NOTE | ||||
r-oldrel-windows-ix86+x86_64 | 1.3 | 118.00 | 606.00 | 724.00 | OK |
Version: 1.3
Check: data for non-ASCII characters
Result: NOTE
Note: found 29618 marked UTF-8 strings
Flavors: r-devel-linux-x86_64-fedora-clang, r-devel-linux-x86_64-fedora-gcc, r-release-macos-arm64, r-release-macos-x86_64, r-oldrel-macos-x86_64