Last updated on 2022-04-08 01:48:50 CEST.
Flavor | Version | Tinstall | Tcheck | Ttotal | Status | Flags |
---|---|---|---|---|---|---|
r-devel-linux-x86_64-debian-clang | 0.6.0 | 6.16 | 63.42 | 69.58 | NOTE | |
r-devel-linux-x86_64-debian-gcc | 0.6.0 | 4.27 | 48.84 | 53.11 | NOTE | |
r-devel-linux-x86_64-fedora-clang | 0.6.0 | 85.12 | NOTE | |||
r-devel-linux-x86_64-fedora-gcc | 0.6.0 | 70.91 | NOTE | |||
r-devel-windows-x86_64-new-UL | 0.6.0 | 18.00 | 81.00 | 99.00 | NOTE | |
r-patched-linux-x86_64 | 0.6.0 | 8.41 | 61.77 | 70.18 | NOTE | |
r-release-linux-x86_64 | 0.6.0 | 4.62 | 58.80 | 63.42 | NOTE | |
r-release-macos-arm64 | 0.6.0 | NOTE | ||||
r-release-macos-x86_64 | 0.6.0 | NOTE | ||||
r-release-windows-ix86+x86_64 | 0.6.0 | 13.00 | 77.00 | 90.00 | NOTE | |
r-oldrel-macos-x86_64 | 0.6.0 | OK | ||||
r-oldrel-windows-ix86+x86_64 | 0.6.0 | 13.00 | 76.00 | 89.00 | OK |
Version: 0.6.0
Check: LazyData
Result: NOTE
'LazyData' is specified without a 'data' directory
Flavors: r-devel-linux-x86_64-debian-clang, r-devel-linux-x86_64-debian-gcc, r-devel-linux-x86_64-fedora-clang, r-devel-linux-x86_64-fedora-gcc, r-devel-windows-x86_64-new-UL, r-patched-linux-x86_64, r-release-linux-x86_64, r-release-macos-arm64, r-release-macos-x86_64, r-release-windows-ix86+x86_64