Last updated on 2022-04-08 01:48:50 CEST.
Flavor | Version | Tinstall | Tcheck | Ttotal | Status | Flags |
---|---|---|---|---|---|---|
r-devel-linux-x86_64-debian-clang | 0.11.1 | 6.76 | 77.93 | 84.69 | OK | |
r-devel-linux-x86_64-debian-gcc | 0.11.1 | 5.84 | 60.58 | 66.42 | OK | |
r-devel-linux-x86_64-fedora-clang | 0.11.1 | 103.36 | NOTE | |||
r-devel-linux-x86_64-fedora-gcc | 0.11.1 | 102.77 | NOTE | |||
r-devel-windows-x86_64-new-UL | 0.11.1 | 115.00 | 111.00 | 226.00 | OK | |
r-patched-linux-x86_64 | 0.11.1 | 8.89 | 74.65 | 83.54 | OK | |
r-release-linux-x86_64 | 0.11.1 | 6.93 | 73.64 | 80.57 | OK | |
r-release-macos-arm64 | 0.11.1 | NOTE | ||||
r-release-macos-x86_64 | 0.11.1 | NOTE | ||||
r-release-windows-ix86+x86_64 | 0.11.1 | 17.00 | 94.00 | 111.00 | OK | |
r-oldrel-macos-x86_64 | 0.11.1 | NOTE | ||||
r-oldrel-windows-ix86+x86_64 | 0.11.1 | 18.00 | 94.00 | 112.00 | OK |
Version: 0.11.1
Check: data for non-ASCII characters
Result: NOTE
Note: found 55 marked UTF-8 strings
Flavors: r-devel-linux-x86_64-fedora-clang, r-devel-linux-x86_64-fedora-gcc, r-release-macos-arm64, r-release-macos-x86_64, r-oldrel-macos-x86_64