Last updated on 2022-04-08 01:48:50 CEST.
Flavor | Version | Tinstall | Tcheck | Ttotal | Status | Flags |
---|---|---|---|---|---|---|
r-devel-linux-x86_64-debian-clang | 1.0 | 21.87 | 253.88 | 275.75 | NOTE | |
r-devel-linux-x86_64-debian-gcc | 1.0 | 17.51 | 181.27 | 198.78 | NOTE | |
r-devel-linux-x86_64-fedora-clang | 1.0 | 322.85 | NOTE | |||
r-devel-linux-x86_64-fedora-gcc | 1.0 | 325.60 | NOTE | |||
r-devel-windows-x86_64-new-UL | 1.0 | 46.00 | 283.00 | 329.00 | NOTE | |
r-patched-linux-x86_64 | 1.0 | 17.54 | 238.70 | 256.24 | OK | |
r-release-linux-x86_64 | 1.0 | 14.86 | 235.82 | 250.68 | OK | |
r-release-macos-arm64 | 1.0 | NOTE | ||||
r-release-macos-x86_64 | 1.0 | NOTE | ||||
r-release-windows-ix86+x86_64 | 1.0 | 43.00 | 277.00 | 320.00 | NOTE | |
r-oldrel-macos-x86_64 | 1.0 | NOTE | ||||
r-oldrel-windows-ix86+x86_64 | 1.0 | 44.00 | 284.00 | 328.00 | NOTE |
Version: 1.0
Check: Rd files
Result: NOTE
checkRd: (7) file 'basisprod.Rd': \item in \value must have non-empty label
checkRd: (7) file 'ptest.Rd': \item in \value must have non-empty label
checkRd: (7) file 'rec.Rd': \item in \value must have non-empty label
checkRd: (7) file 'sizechange.Rd': \item in \value must have non-empty label
Flavors: r-devel-linux-x86_64-debian-clang, r-devel-linux-x86_64-debian-gcc, r-devel-linux-x86_64-fedora-clang, r-devel-linux-x86_64-fedora-gcc
Version: 1.0
Check: installed package size
Result: NOTE
installed size is 7.2Mb
sub-directories of 1Mb or more:
doc 6.7Mb
Flavors: r-devel-linux-x86_64-fedora-clang, r-devel-windows-x86_64-new-UL, r-release-macos-arm64, r-release-macos-x86_64, r-release-windows-ix86+x86_64, r-oldrel-macos-x86_64, r-oldrel-windows-ix86+x86_64