Last updated on 2022-04-08 01:48:50 CEST.
Flavor | Version | Tinstall | Tcheck | Ttotal | Status | Flags |
---|---|---|---|---|---|---|
r-devel-linux-x86_64-debian-clang | 0.1.0 | 6.99 | 41.91 | 48.90 | OK | |
r-devel-linux-x86_64-debian-gcc | 0.1.0 | 5.22 | 32.67 | 37.89 | OK | |
r-devel-linux-x86_64-fedora-clang | 0.1.0 | 58.97 | NOTE | |||
r-devel-linux-x86_64-fedora-gcc | 0.1.0 | 46.99 | NOTE | |||
r-devel-windows-x86_64-new-UL | 0.1.0 | 27.00 | 62.00 | 89.00 | OK | |
r-patched-linux-x86_64 | 0.1.0 | 5.25 | 40.68 | 45.93 | OK | |
r-release-linux-x86_64 | 0.1.0 | 6.46 | 39.48 | 45.94 | OK | |
r-release-macos-arm64 | 0.1.0 | NOTE | ||||
r-release-macos-x86_64 | 0.1.0 | NOTE | ||||
r-release-windows-ix86+x86_64 | 0.1.0 | 11.00 | 51.00 | 62.00 | OK | |
r-oldrel-macos-x86_64 | 0.1.0 | NOTE | ||||
r-oldrel-windows-ix86+x86_64 | 0.1.0 | 10.00 | 49.00 | 59.00 | OK |
Version: 0.1.0
Check: dependencies in R code
Result: NOTE
Namespace in Imports field not imported from: ‘cli’
All declared Imports should be used.
Flavors: r-devel-linux-x86_64-fedora-clang, r-devel-linux-x86_64-fedora-gcc, r-release-macos-arm64, r-release-macos-x86_64, r-oldrel-macos-x86_64