Last updated on 2022-04-08 01:48:50 CEST.
Flavor | Version | Tinstall | Tcheck | Ttotal | Status | Flags |
---|---|---|---|---|---|---|
r-devel-linux-x86_64-debian-clang | 1.0.2 | 11.40 | 169.57 | 180.97 | OK | |
r-devel-linux-x86_64-debian-gcc | 1.0.2 | 9.16 | 129.90 | 139.06 | OK | |
r-devel-linux-x86_64-fedora-clang | 1.0.2 | 211.11 | NOTE | |||
r-devel-linux-x86_64-fedora-gcc | 1.0.2 | 204.18 | NOTE | |||
r-devel-windows-x86_64-new-UL | 1.0.2 | 48.00 | 199.00 | 247.00 | OK | |
r-patched-linux-x86_64 | 1.0.2 | 17.15 | 167.99 | 185.14 | OK | |
r-release-linux-x86_64 | 1.0.2 | 9.61 | 161.05 | 170.66 | OK | |
r-release-macos-arm64 | 1.0.2 | NOTE | ||||
r-release-macos-x86_64 | 1.0.2 | NOTE | ||||
r-release-windows-ix86+x86_64 | 1.0.2 | 23.00 | 205.00 | 228.00 | OK | |
r-oldrel-macos-x86_64 | 1.0.2 | NOTE | ||||
r-oldrel-windows-ix86+x86_64 | 1.0.2 | 22.00 | 202.00 | 224.00 | OK |
Version: 1.0.2
Check: dependencies in R code
Result: NOTE
Namespace in Imports field not imported from: ‘Rdpack’
All declared Imports should be used.
Flavors: r-devel-linux-x86_64-fedora-clang, r-devel-linux-x86_64-fedora-gcc, r-release-macos-arm64, r-release-macos-x86_64, r-oldrel-macos-x86_64