CRAN Package Check Results for Package lutz

Last updated on 2022-04-08 01:48:50 CEST.

Flavor Version Tinstall Tcheck Ttotal Status Flags
r-devel-linux-x86_64-debian-clang 0.3.1 26.87 102.69 129.56 NOTE
r-devel-linux-x86_64-debian-gcc 0.3.1 20.70 76.73 97.43 NOTE
r-devel-linux-x86_64-fedora-clang 0.3.1 162.19 NOTE
r-devel-linux-x86_64-fedora-gcc 0.3.1 146.63 NOTE
r-devel-windows-x86_64-new-UL 0.3.1 36.00 156.00 192.00 NOTE
r-patched-linux-x86_64 0.3.1 23.84 98.53 122.37 NOTE
r-release-linux-x86_64 0.3.1 24.67 96.23 120.90 NOTE
r-release-macos-arm64 0.3.1 NOTE
r-release-macos-x86_64 0.3.1 NOTE
r-release-windows-ix86+x86_64 0.3.1 55.00 228.00 283.00 NOTE
r-oldrel-macos-x86_64 0.3.1 NOTE
r-oldrel-windows-ix86+x86_64 0.3.1 55.00 227.00 282.00 NOTE

Check Details

Version: 0.3.1
Check: LazyData
Result: NOTE
     'LazyData' is specified without a 'data' directory
Flavors: r-devel-linux-x86_64-debian-clang, r-devel-linux-x86_64-debian-gcc, r-devel-linux-x86_64-fedora-clang, r-devel-linux-x86_64-fedora-gcc, r-devel-windows-x86_64-new-UL, r-patched-linux-x86_64, r-release-linux-x86_64, r-release-macos-arm64, r-release-macos-x86_64, r-release-windows-ix86+x86_64

Version: 0.3.1
Check: installed package size
Result: NOTE
     installed size is 5.3Mb
     sub-directories of 1Mb or more:
     R 4.0Mb
     libs 1.1Mb
Flavors: r-devel-windows-x86_64-new-UL, r-release-macos-arm64, r-release-macos-x86_64, r-release-windows-ix86+x86_64, r-oldrel-macos-x86_64, r-oldrel-windows-ix86+x86_64