CRAN Package Check Results for Package lspartition

Last updated on 2022-04-08 01:48:50 CEST.

Flavor Version Tinstall Tcheck Ttotal Status Flags
r-devel-linux-x86_64-debian-clang 0.4 15.67 117.52 133.19 NOTE
r-devel-linux-x86_64-debian-gcc 0.4 13.15 87.41 100.56 NOTE
r-devel-linux-x86_64-fedora-clang 0.4 158.18 NOTE
r-devel-linux-x86_64-fedora-gcc 0.4 145.80 NOTE
r-devel-windows-x86_64-new-UL 0.4 29.00 121.00 150.00 NOTE
r-patched-linux-x86_64 0.4 16.68 110.61 127.29 NOTE
r-release-linux-x86_64 0.4 14.76 103.62 118.38 NOTE
r-release-macos-arm64 0.4 NOTE
r-release-macos-x86_64 0.4 NOTE
r-release-windows-ix86+x86_64 0.4 29.00 113.00 142.00 NOTE
r-oldrel-macos-x86_64 0.4 OK
r-oldrel-windows-ix86+x86_64 0.4 30.00 119.00 149.00 OK

Check Details

Version: 0.4
Check: LazyData
Result: NOTE
     'LazyData' is specified without a 'data' directory
Flavors: r-devel-linux-x86_64-debian-clang, r-devel-linux-x86_64-debian-gcc, r-devel-linux-x86_64-fedora-clang, r-devel-linux-x86_64-fedora-gcc, r-devel-windows-x86_64-new-UL, r-patched-linux-x86_64, r-release-linux-x86_64, r-release-macos-arm64, r-release-macos-x86_64, r-release-windows-ix86+x86_64