CRAN Package Check Results for Package lsa

Last updated on 2022-04-08 01:48:50 CEST.

Flavor Version Tinstall Tcheck Ttotal Status Flags
r-devel-linux-x86_64-debian-clang 0.73.2 3.64 46.12 49.76 OK
r-devel-linux-x86_64-debian-gcc 0.73.2 2.91 37.22 40.13 OK
r-devel-linux-x86_64-fedora-clang 0.73.2 60.65 NOTE
r-devel-linux-x86_64-fedora-gcc 0.73.2 49.42 NOTE
r-devel-windows-x86_64-new-UL 0.73.2 22.00 71.00 93.00 OK
r-patched-linux-x86_64 0.73.2 4.16 45.16 49.32 OK
r-release-linux-x86_64 0.73.2 3.58 44.79 48.37 OK
r-release-macos-arm64 0.73.2 NOTE
r-release-macos-x86_64 0.73.2 NOTE
r-release-windows-ix86+x86_64 0.73.2 7.00 56.00 63.00 OK
r-oldrel-macos-x86_64 0.73.2 NOTE
r-oldrel-windows-ix86+x86_64 0.73.2 7.00 58.00 65.00 OK

Check Details

Version: 0.73.2
Check: data for non-ASCII characters
Result: NOTE
     Note: found 143 marked Latin-1 strings
     Note: found 833 marked UTF-8 strings
Flavors: r-devel-linux-x86_64-fedora-clang, r-devel-linux-x86_64-fedora-gcc, r-release-macos-arm64, r-release-macos-x86_64, r-oldrel-macos-x86_64