CRAN Package Check Results for Package lrstat

Last updated on 2022-04-08 01:48:50 CEST.

Flavor Version Tinstall Tcheck Ttotal Status Flags
r-devel-linux-x86_64-debian-clang 0.1.3 56.83 90.14 146.97 OK
r-devel-linux-x86_64-debian-gcc 0.1.3 46.98 69.85 116.83 OK
r-devel-linux-x86_64-fedora-clang 0.1.3 205.60 OK
r-devel-linux-x86_64-fedora-gcc 0.1.3 174.33 OK
r-devel-windows-x86_64-new-UL 0.1.3 77.00 143.00 220.00 OK
r-patched-linux-x86_64 0.1.3 46.48 87.08 133.56 OK
r-release-linux-x86_64 0.1.3 47.12 88.48 135.60 OK
r-release-macos-arm64 0.1.3 NOTE
r-release-macos-x86_64 0.1.3 NOTE
r-release-windows-ix86+x86_64 0.1.3 122.00 157.00 279.00 OK
r-oldrel-macos-x86_64 0.1.3 NOTE
r-oldrel-windows-ix86+x86_64 0.1.3 122.00 153.00 275.00 OK

Check Details

Version: 0.1.3
Check: installed package size
Result: NOTE
     installed size is 6.9Mb
     sub-directories of 1Mb or more:
     libs 6.5Mb
Flavors: r-release-macos-arm64, r-release-macos-x86_64, r-oldrel-macos-x86_64