CRAN Package Check Results for Package lorentz

Last updated on 2022-04-08 01:48:50 CEST.

Flavor Version Tinstall Tcheck Ttotal Status Flags
r-devel-linux-x86_64-debian-clang 1.0-5 2.84 56.88 59.72 NOTE
r-devel-linux-x86_64-debian-gcc 1.0-5 2.29 44.63 46.92 NOTE
r-devel-linux-x86_64-fedora-clang 1.0-5 77.01 NOTE
r-devel-linux-x86_64-fedora-gcc 1.0-5 64.88 NOTE
r-devel-windows-x86_64-new-UL 1.0-5 32.00 99.00 131.00 NOTE
r-patched-linux-x86_64 1.0-5 2.83 55.28 58.11 NOTE
r-release-linux-x86_64 1.0-5 3.12 54.33 57.45 NOTE
r-release-macos-arm64 1.0-5 NOTE
r-release-macos-x86_64 1.0-5 NOTE
r-release-windows-ix86+x86_64 1.0-5 8.00 74.00 82.00 NOTE
r-oldrel-macos-x86_64 1.0-5 OK
r-oldrel-windows-ix86+x86_64 1.0-5 7.00 73.00 80.00 OK

Check Details

Version: 1.0-5
Check: LazyData
Result: NOTE
     'LazyData' is specified without a 'data' directory
Flavors: r-devel-linux-x86_64-debian-clang, r-devel-linux-x86_64-debian-gcc, r-devel-linux-x86_64-fedora-clang, r-devel-linux-x86_64-fedora-gcc, r-devel-windows-x86_64-new-UL, r-patched-linux-x86_64, r-release-linux-x86_64, r-release-macos-arm64, r-release-macos-x86_64, r-release-windows-ix86+x86_64