Last updated on 2022-04-08 01:48:50 CEST.
Flavor | Version | Tinstall | Tcheck | Ttotal | Status | Flags |
---|---|---|---|---|---|---|
r-devel-linux-x86_64-debian-clang | 1.0.0 | 2.37 | 193.52 | 195.89 | OK | |
r-devel-linux-x86_64-debian-gcc | 1.0.0 | 2.59 | 133.81 | 136.40 | OK | |
r-devel-linux-x86_64-fedora-clang | 1.0.0 | 213.36 | OK | |||
r-devel-linux-x86_64-fedora-gcc | 1.0.0 | 203.20 | OK | |||
r-devel-windows-x86_64-new-UL | 1.0.0 | 21.00 | 200.00 | 221.00 | OK | |
r-patched-linux-x86_64 | 1.0.0 | 2.72 | 171.08 | 173.80 | OK | |
r-release-linux-x86_64 | 1.0.0 | 2.11 | 166.18 | 168.29 | OK | |
r-release-macos-arm64 | 1.0.0 | OK | ||||
r-release-macos-x86_64 | 1.0.0 | OK | ||||
r-release-windows-ix86+x86_64 | 1.0.0 | 7.00 | 193.00 | 200.00 | OK | |
r-oldrel-macos-x86_64 | 1.0.0 | ERROR | ||||
r-oldrel-windows-ix86+x86_64 | 1.0.0 | 7.00 | 192.00 | 199.00 | OK |
Version: 1.0.0
Check: package dependencies
Result: ERROR
Package required but not available: ‘ConsensusClusterPlus’
See section ‘The DESCRIPTION file’ in the ‘Writing R Extensions’
manual.
Flavor: r-oldrel-macos-x86_64