Last updated on 2022-04-08 01:48:50 CEST.
Flavor | Version | Tinstall | Tcheck | Ttotal | Status | Flags |
---|---|---|---|---|---|---|
r-devel-linux-x86_64-debian-clang | 0.1.0 | 34.32 | 332.38 | 366.70 | OK | |
r-devel-linux-x86_64-debian-gcc | 0.1.0 | 30.41 | 241.30 | 271.71 | OK | |
r-devel-linux-x86_64-fedora-clang | 0.1.0 | 427.66 | NOTE | |||
r-devel-linux-x86_64-fedora-gcc | 0.1.0 | 416.03 | NOTE | |||
r-devel-windows-x86_64-new-UL | 0.1.0 | 33.00 | 296.00 | 329.00 | OK | |
r-patched-linux-x86_64 | 0.1.0 | 31.46 | 312.74 | 344.20 | OK | |
r-release-linux-x86_64 | 0.1.0 | 29.25 | 280.42 | 309.67 | OK | |
r-release-macos-arm64 | 0.1.0 | NOTE | ||||
r-release-macos-x86_64 | 0.1.0 | NOTE | ||||
r-release-windows-ix86+x86_64 | 0.1.0 | 72.00 | 303.00 | 375.00 | OK | |
r-oldrel-macos-x86_64 | 0.1.0 | NOTE | ||||
r-oldrel-windows-ix86+x86_64 | 0.1.0 | 74.00 | 317.00 | 391.00 | OK |
Version: 0.1.0
Check: dependencies in R code
Result: NOTE
Namespace in Imports field not imported from: ‘utils’
All declared Imports should be used.
Flavors: r-devel-linux-x86_64-fedora-clang, r-devel-linux-x86_64-fedora-gcc, r-release-macos-arm64, r-release-macos-x86_64, r-oldrel-macos-x86_64