Last updated on 2022-04-08 01:48:50 CEST.
Flavor | Version | Tinstall | Tcheck | Ttotal | Status | Flags |
---|---|---|---|---|---|---|
r-devel-linux-x86_64-debian-clang | 0.2.2 | 3.19 | 61.39 | 64.58 | OK | |
r-devel-linux-x86_64-debian-gcc | 0.2.2 | 2.93 | 45.97 | 48.90 | OK | |
r-devel-linux-x86_64-fedora-clang | 0.2.2 | 78.65 | OK | |||
r-devel-linux-x86_64-fedora-gcc | 0.2.2 | 64.59 | OK | |||
r-devel-windows-x86_64-new-UL | 0.2.2 | 55.00 | 104.00 | 159.00 | NOTE | |
r-patched-linux-x86_64 | 0.2.2 | 4.73 | 57.77 | 62.50 | OK | |
r-release-linux-x86_64 | 0.2.2 | 3.52 | 61.27 | 64.79 | OK | |
r-release-macos-arm64 | 0.2.2 | OK | ||||
r-release-macos-x86_64 | 0.2.2 | OK | ||||
r-release-windows-ix86+x86_64 | 0.2.2 | 8.00 | 82.00 | 90.00 | NOTE | |
r-oldrel-macos-x86_64 | 0.2.2 | OK | ||||
r-oldrel-windows-ix86+x86_64 | 0.2.2 | 8.00 | 81.00 | 89.00 | NOTE |
Version: 0.2.2
Check: package dependencies
Result: NOTE
Package suggested but not available for checking: 'rsyslog'
Flavors: r-devel-windows-x86_64-new-UL, r-release-windows-ix86+x86_64, r-oldrel-windows-ix86+x86_64
Version: 0.2.2
Check: Rd cross-references
Result: NOTE
Package unavailable to check Rd xrefs: 'rsyslog'
Flavors: r-release-windows-ix86+x86_64, r-oldrel-windows-ix86+x86_64