CRAN Package Check Results for Package lmtp

Last updated on 2022-04-08 01:48:50 CEST.

Flavor Version Tinstall Tcheck Ttotal Status Flags
r-devel-linux-x86_64-debian-clang 1.0.0 5.90 177.25 183.15 OK
r-devel-linux-x86_64-debian-gcc 1.0.0 3.58 127.78 131.36 OK
r-devel-linux-x86_64-fedora-clang 1.0.0 209.88 NOTE
r-devel-linux-x86_64-fedora-gcc 1.0.0 197.41 NOTE
r-devel-windows-x86_64-new-UL 1.0.0 24.00 196.00 220.00 OK
r-patched-linux-x86_64 1.0.0 4.47 167.23 171.70 OK
r-release-linux-x86_64 1.0.0 4.15 162.44 166.59 OK
r-release-macos-arm64 1.0.0 NOTE
r-release-macos-x86_64 1.0.0 NOTE
r-release-windows-ix86+x86_64 1.0.0 11.00 195.00 206.00 OK
r-oldrel-macos-x86_64 1.0.0 NOTE
r-oldrel-windows-ix86+x86_64 1.0.0 10.00 197.00 207.00 OK

Check Details

Version: 1.0.0
Check: dependencies in R code
Result: NOTE
    Namespaces in Imports field not imported from:
     ‘R6’ ‘nnls’ ‘utils’
     All declared Imports should be used.
Flavors: r-devel-linux-x86_64-fedora-clang, r-devel-linux-x86_64-fedora-gcc, r-release-macos-arm64, r-release-macos-x86_64, r-oldrel-macos-x86_64