CRAN Package Check Results for Package lmeSplines

Last updated on 2022-04-08 01:48:50 CEST.

Flavor Version Tinstall Tcheck Ttotal Status Flags
r-devel-linux-x86_64-debian-clang 1.1-10 2.06 34.83 36.89 NOTE
r-devel-linux-x86_64-debian-gcc 1.1-10 1.93 27.65 29.58 NOTE
r-devel-linux-x86_64-fedora-clang 1.1-10 46.12 NOTE
r-devel-linux-x86_64-fedora-gcc 1.1-10 34.89 NOTE
r-devel-windows-x86_64-new-UL 1.1-10 14.00 51.00 65.00 NOTE
r-patched-linux-x86_64 1.1-10 2.55 33.98 36.53 NOTE
r-release-linux-x86_64 1.1-10 1.93 33.19 35.12 NOTE
r-release-macos-arm64 1.1-10 NOTE
r-release-macos-x86_64 1.1-10 NOTE
r-release-windows-ix86+x86_64 1.1-10 6.00 41.00 47.00 NOTE
r-oldrel-macos-x86_64 1.1-10 NOTE
r-oldrel-windows-ix86+x86_64 1.1-10 5.00 42.00 47.00 NOTE

Check Details

Version: 1.1-10
Check: DESCRIPTION meta-information
Result: NOTE
    Malformed Title field: should not end in a period.
    Malformed Description field: should contain one or more complete sentences.
Flavors: r-devel-linux-x86_64-debian-clang, r-devel-linux-x86_64-debian-gcc, r-devel-linux-x86_64-fedora-clang, r-devel-linux-x86_64-fedora-gcc, r-devel-windows-x86_64-new-UL, r-patched-linux-x86_64, r-release-linux-x86_64, r-release-macos-arm64, r-release-macos-x86_64, r-release-windows-ix86+x86_64, r-oldrel-macos-x86_64, r-oldrel-windows-ix86+x86_64

Version: 1.1-10
Check: dependencies in R code
Result: NOTE
    Package in Depends field not imported from: 'nlme'
     These packages need to be imported from (in the NAMESPACE file)
     for when this namespace is loaded but not attached.
Flavors: r-devel-linux-x86_64-debian-clang, r-devel-linux-x86_64-debian-gcc, r-devel-linux-x86_64-fedora-clang, r-devel-linux-x86_64-fedora-gcc, r-devel-windows-x86_64-new-UL, r-patched-linux-x86_64, r-release-linux-x86_64, r-release-macos-arm64, r-release-macos-x86_64, r-release-windows-ix86+x86_64, r-oldrel-macos-x86_64, r-oldrel-windows-ix86+x86_64

Version: 1.1-10
Check: R code for possible problems
Result: NOTE
    approx.Z : <anonymous>: no visible global function definition for
     'approx'
    smspline: no visible global function definition for 'model.frame'
    Undefined global functions or variables:
     approx model.frame
    Consider adding
     importFrom("stats", "approx", "model.frame")
    to your NAMESPACE file.
Flavors: r-devel-linux-x86_64-debian-clang, r-devel-linux-x86_64-debian-gcc, r-devel-linux-x86_64-fedora-clang, r-devel-linux-x86_64-fedora-gcc, r-devel-windows-x86_64-new-UL, r-patched-linux-x86_64, r-release-linux-x86_64, r-release-macos-arm64, r-release-macos-x86_64, r-release-windows-ix86+x86_64, r-oldrel-macos-x86_64, r-oldrel-windows-ix86+x86_64