CRAN Package Check Results for Package liayson

Last updated on 2022-04-08 01:48:50 CEST.

Flavor Version Tinstall Tcheck Ttotal Status Flags
r-devel-linux-x86_64-debian-clang 1.0.4 35.86 355.38 391.24 OK
r-devel-linux-x86_64-debian-gcc 1.0.4 29.73 258.99 288.72 OK
r-devel-linux-x86_64-fedora-clang 1.0.4 481.38 OK
r-devel-linux-x86_64-fedora-gcc 1.0.4 448.12 OK
r-devel-windows-x86_64-new-UL 1.0.4 38.00 357.00 395.00 OK
r-patched-linux-x86_64 1.0.4 34.85 329.59 364.44 OK
r-release-linux-x86_64 1.0.4 31.13 301.10 332.23 OK
r-release-macos-arm64 1.0.4 OK
r-release-macos-x86_64 1.0.4 NOTE
r-release-windows-ix86+x86_64 1.0.4 71.00 340.00 411.00 OK
r-oldrel-macos-x86_64 1.0.4 OK
r-oldrel-windows-ix86+x86_64 1.0.4 74.00 340.00 414.00 WARN

Check Details

Version: 1.0.4
Check: re-building of vignette outputs
Result: NOTE
    Error(s) in re-building vignettes:
     ...
    --- re-building ‘liayson.Rnw’ using Sweave
    Ensembl site unresponsive, trying uswest mirror
    
    Error: processing vignette 'liayson.Rnw' failed with diagnostics:
     chunk 1
    Error in readRDS(bfc[[rid]]) : unknown input format
    
    --- failed re-building ‘liayson.Rnw’
    
    SUMMARY: processing the following file failed:
     ‘liayson.Rnw’
    
    Error: Vignette re-building failed.
    Execution halted
Flavor: r-release-macos-x86_64

Version: 1.0.4
Check: re-building of vignette outputs
Result: WARN
    Error(s) in re-building vignettes:
    --- re-building 'liayson.Rnw' using Sweave
    Warning in readChar(con, 5L, useBytes = TRUE) :
     truncating string with embedded nuls
    Warning: file '766c3e8420b6_file766c405c5' has magic number 'X'
     Use of save versions prior to 2 is deprecated
    
    Error: processing vignette 'liayson.Rnw' failed with diagnostics:
     chunk 1
    Error in load(bfc[[rid]]) :
     bad restore file magic number (file may be corrupted) -- no data loaded
    
    --- failed re-building 'liayson.Rnw'
    
    SUMMARY: processing the following file failed:
     'liayson.Rnw'
    
    Error: Vignette re-building failed.
    Execution halted
Flavor: r-oldrel-windows-ix86+x86_64