Last updated on 2022-04-08 01:48:50 CEST.
Flavor | Version | Tinstall | Tcheck | Ttotal | Status | Flags |
---|---|---|---|---|---|---|
r-devel-linux-x86_64-debian-clang | 3.1 | 3.82 | 34.52 | 38.34 | OK | |
r-devel-linux-x86_64-debian-gcc | 3.1 | 3.47 | 27.18 | 30.65 | OK | |
r-devel-linux-x86_64-fedora-clang | 3.1 | 47.63 | NOTE | |||
r-devel-linux-x86_64-fedora-gcc | 3.1 | 36.65 | NOTE | |||
r-devel-windows-x86_64-new-UL | 3.1 | 13.00 | 53.00 | 66.00 | OK | |
r-patched-linux-x86_64 | 3.1 | 4.43 | 34.17 | 38.60 | OK | |
r-release-linux-x86_64 | 3.1 | 4.09 | 33.34 | 37.43 | OK | |
r-release-macos-arm64 | 3.1 | OK | ||||
r-release-macos-x86_64 | 3.1 | OK | ||||
r-release-windows-ix86+x86_64 | 3.1 | 11.00 | 47.00 | 58.00 | OK | |
r-oldrel-macos-x86_64 | 3.1 | OK | ||||
r-oldrel-windows-ix86+x86_64 | 3.1 | 12.00 | 47.00 | 59.00 | OK |
Version: 3.1
Check: compiled code
Result: NOTE
File ‘leaps/libs/leaps.so’:
Found no calls to: ‘R_registerRoutines’, ‘R_useDynamicSymbols’
It is good practice to register native routines and to disable symbol
search.
See ‘Writing portable packages’ in the ‘Writing R Extensions’ manual.
Flavors: r-devel-linux-x86_64-fedora-clang, r-devel-linux-x86_64-fedora-gcc