Last updated on 2022-04-08 01:48:50 CEST.
Flavor | Version | Tinstall | Tcheck | Ttotal | Status | Flags |
---|---|---|---|---|---|---|
r-devel-linux-x86_64-debian-clang | 0.1.1 | 4.85 | 52.31 | 57.16 | NOTE | |
r-devel-linux-x86_64-debian-gcc | 0.1.1 | 3.55 | 40.78 | 44.33 | NOTE | |
r-devel-linux-x86_64-fedora-clang | 0.1.1 | 68.61 | NOTE | |||
r-devel-linux-x86_64-fedora-gcc | 0.1.1 | 56.77 | NOTE | |||
r-devel-windows-x86_64-new-UL | 0.1.1 | 20.00 | 69.00 | 89.00 | NOTE | |
r-patched-linux-x86_64 | 0.1.1 | 4.58 | 50.72 | 55.30 | NOTE | |
r-release-linux-x86_64 | 0.1.1 | 3.78 | 49.88 | 53.66 | NOTE | |
r-release-macos-arm64 | 0.1.1 | NOTE | ||||
r-release-macos-x86_64 | 0.1.1 | NOTE | ||||
r-release-windows-ix86+x86_64 | 0.1.1 | 9.00 | 61.00 | 70.00 | NOTE | |
r-oldrel-macos-x86_64 | 0.1.1 | OK | ||||
r-oldrel-windows-ix86+x86_64 | 0.1.1 | 10.00 | 67.00 | 77.00 | OK |
Version: 0.1.1
Check: LazyData
Result: NOTE
'LazyData' is specified without a 'data' directory
Flavors: r-devel-linux-x86_64-debian-clang, r-devel-linux-x86_64-debian-gcc, r-devel-linux-x86_64-fedora-clang, r-devel-linux-x86_64-fedora-gcc, r-devel-windows-x86_64-new-UL, r-patched-linux-x86_64, r-release-linux-x86_64, r-release-macos-arm64, r-release-macos-x86_64, r-release-windows-ix86+x86_64